{"id":72301,"date":"2022-11-17T17:48:21","date_gmt":"2022-11-17T20:48:21","guid":{"rendered":"https:\/\/www.jornalja.com.br\/arquivo\/?page_id=72301"},"modified":"2026-02-16T23:48:26","modified_gmt":"2026-02-17T02:48:26","slug":"72301-2","status":"publish","type":"page","link":"https:\/\/www.jornalja.com.br\/arquivo\/","title":{"rendered":"Arquivo"},"content":{"rendered":"\n<div class=\"wp-block-group alignwide has-global-padding is-layout-constrained wp-container-core-group-is-layout-1efbe432 wp-block-group-is-layout-constrained\">\n<div class=\"wp-block-columns alignwide is-layout-flex wp-container-core-columns-is-layout-d2b95c80 wp-block-columns-is-layout-flex\">\n<div class=\"wp-block-column is-layout-flow wp-block-column-is-layout-flow\" style=\"flex-basis:100%\">\n<div class=\"wp-block-group has-global-padding is-layout-constrained wp-block-group-is-layout-constrained\">\n<div class=\"wp-block-query alignwide is-layout-flow wp-block-query-is-layout-flow\"><ul class=\"columns-4 wp-block-post-template is-layout-grid wp-container-core-post-template-is-layout-0efa1006 wp-block-post-template-is-layout-grid\"><li class=\"wp-block-post post-1341 post type-post status-publish format-standard has-post-thumbnail hentry category-reportagens tag-a-tragedia-de-felipe-klein tag-felipe-klein tag-premio-esso tag-renan-antunes-de-oliveira\">\n<div style=\"text-transform:uppercase;\" class=\"editoria  wp-block-post-date has-small-font-size\"><time datetime=\"2004-12-20T13:18:01-02:00\">20 de dezembro de 2004<\/time><\/div>\n\n<h3 class=\"wp-block-post-title\"><a href=\"https:\/\/www.jornalja.com.br\/arquivo\/a-tragedia-de-felipe-klein\/\" target=\"_self\" >A trag\u00e9dia de Felipe Klein<\/a><\/h3>\n<\/li><li class=\"wp-block-post post-656 post type-post status-publish format-standard has-post-thumbnail hentry category-reportagens tag-renan-antunes-de-oliveira\">\n<div style=\"text-transform:uppercase;\" class=\"editoria  wp-block-post-date has-small-font-size\"><time datetime=\"2005-03-08T14:50:27-03:00\">8 de mar\u00e7o de 2005<\/time><\/div>\n\n<h3 class=\"wp-block-post-title\"><a href=\"https:\/\/www.jornalja.com.br\/arquivo\/na-balada-da-morte\/\" target=\"_self\" >Na balada da morte<\/a><\/h3>\n<\/li><li class=\"wp-block-post post-663 post type-post status-publish format-standard has-post-thumbnail hentry category-reportagens tag-renan-antunes-de-oliveira\">\n<div style=\"text-transform:uppercase;\" class=\"editoria  wp-block-post-date has-small-font-size\"><time datetime=\"2005-07-14T15:00:28-03:00\">14 de julho de 2005<\/time><\/div>\n\n<h3 class=\"wp-block-post-title\"><a href=\"https:\/\/www.jornalja.com.br\/arquivo\/um-prefeito-do-alem\/\" target=\"_self\" >O prefeito do al\u00e9m<\/a><\/h3>\n<\/li><li class=\"wp-block-post post-914 post type-post status-publish format-standard hentry category-reportagens tag-aviacao tag-renan-antunes-de-oliveira tag-varig\">\n<div style=\"text-transform:uppercase;\" class=\"editoria  wp-block-post-date has-small-font-size\"><time datetime=\"2007-12-01T14:09:59-02:00\">1 de dezembro de 2007<\/time><\/div>\n\n<h3 class=\"wp-block-post-title\"><a href=\"https:\/\/www.jornalja.com.br\/arquivo\/falta-abrir-a-caixa-preta\/\" target=\"_self\" >Falta abrir a caixa-preta<\/a><\/h3>\n<\/li><li class=\"wp-block-post post-2336 post type-post status-publish format-standard has-post-thumbnail hentry category-reportagens tag-aventura tag-patagonia tag-turismo\">\n<div style=\"text-transform:uppercase;\" class=\"editoria  wp-block-post-date has-small-font-size\"><time datetime=\"2009-01-19T08:07:24-02:00\">19 de janeiro de 2009<\/time><\/div>\n\n<h3 class=\"wp-block-post-title\"><a href=\"https:\/\/www.jornalja.com.br\/arquivo\/passatao-da-a-volta-na-patagonia\/\" target=\"_self\" >AVENTURA: Passat 86 vai e volta da Patag\u00f4nia<\/a><\/h3>\n<\/li><li class=\"wp-block-post post-3580 post type-post status-publish format-standard has-post-thumbnail hentry category-reportagens tag-beto-albuquerque tag-camara-federal tag-leucemia tag-renan-antunes-de-oliveira\">\n<div style=\"text-transform:uppercase;\" class=\"editoria  wp-block-post-date has-small-font-size\"><time datetime=\"2009-03-19T11:25:05-03:00\">19 de mar\u00e7o de 2009<\/time><\/div>\n\n<h3 class=\"wp-block-post-title\"><a href=\"https:\/\/www.jornalja.com.br\/arquivo\/pietro-albuquerque-vida-e-morte-do-guri-que-virou-lei\/\" target=\"_self\" >Pietro Albuquerque: vida e morte do guri que virou lei<\/a><\/h3>\n<\/li><li class=\"wp-block-post post-3826 post type-post status-publish format-standard has-post-thumbnail hentry category-reportagens tag-assassinato tag-criminalidade tag-ivoti tag-renan-antunes-de-oliveira\">\n<div style=\"text-transform:uppercase;\" class=\"editoria  wp-block-post-date has-small-font-size\"><time datetime=\"2009-04-03T13:06:06-03:00\">3 de abril de 2009<\/time><\/div>\n\n<h3 class=\"wp-block-post-title\"><a href=\"https:\/\/www.jornalja.com.br\/arquivo\/o-crime-da-rua-venezuela\/\" target=\"_self\" >O crime da rua Venezuela<\/a><\/h3>\n<\/li><li class=\"wp-block-post post-3935 post type-post status-publish format-standard has-post-thumbnail hentry category-reportagens tag-crack tag-drogas tag-moradores-de-rua tag-renan-antunes-de-oliveira\">\n<div style=\"text-transform:uppercase;\" class=\"editoria  wp-block-post-date has-small-font-size\"><time datetime=\"2009-04-09T17:30:23-03:00\">9 de abril de 2009<\/time><\/div>\n\n<h3 class=\"wp-block-post-title\"><a href=\"https:\/\/www.jornalja.com.br\/arquivo\/giovani-quer-largar-o-crack\/\" target=\"_self\" >Giovani quer largar o crack<\/a><\/h3>\n<\/li><li class=\"wp-block-post post-5105 post type-post status-publish format-standard has-post-thumbnail hentry category-reportagens category-x-categorias-velhas\">\n<div style=\"text-transform:uppercase;\" class=\"editoria  wp-block-post-date has-small-font-size\"><time datetime=\"2009-06-11T14:41:59-03:00\">11 de junho de 2009<\/time><\/div>\n\n<h3 class=\"wp-block-post-title\"><a href=\"https:\/\/www.jornalja.com.br\/arquivo\/jovens-pobres-e-malditos\/\" target=\"_self\" >Jovens, pobres e malditos<\/a><\/h3>\n<\/li><li class=\"wp-block-post post-10027 post type-post status-publish format-standard has-post-thumbnail hentry category-reportagens tag-estupro tag-exercito tag-justica-militar tag-santa-maria\">\n<div style=\"text-transform:uppercase;\" class=\"editoria  wp-block-post-date has-small-font-size\"><time datetime=\"2011-09-28T00:47:47-03:00\">28 de setembro de 2011<\/time><\/div>\n\n<h3 class=\"wp-block-post-title\"><a href=\"https:\/\/www.jornalja.com.br\/arquivo\/farda-nunca-mais\/\" target=\"_self\" >Farda nunca mais<\/a><\/h3>\n<\/li><li class=\"wp-block-post post-11675 post type-post status-publish format-standard has-post-thumbnail hentry category-reportagens\">\n<div style=\"text-transform:uppercase;\" class=\"editoria  wp-block-post-date has-small-font-size\"><time datetime=\"2012-03-13T02:43:30-03:00\">13 de mar\u00e7o de 2012<\/time><\/div>\n\n<h3 class=\"wp-block-post-title\"><a href=\"https:\/\/www.jornalja.com.br\/arquivo\/o-triste-fim-do-irreverente-terrorista-da-internet\/\" target=\"_self\" >O triste fim do irreverente terrorista da internet<\/a><\/h3>\n<\/li><li class=\"wp-block-post post-15335 post type-post status-publish format-standard has-post-thumbnail hentry category-reportagens\">\n<div style=\"text-transform:uppercase;\" class=\"editoria  wp-block-post-date has-small-font-size\"><time datetime=\"2014-07-19T19:20:09-03:00\">19 de julho de 2014<\/time><\/div>\n\n<h3 class=\"wp-block-post-title\"><a href=\"https:\/\/www.jornalja.com.br\/arquivo\/a-historia-completa-do-narcotraficante-mais-inocente-do-brasil\/\" target=\"_self\" >Tr\u00e1fico: empres\u00e1rio leva 25 anos para provar inoc\u00eancia<\/a><\/h3>\n<\/li><li class=\"wp-block-post post-15827 post type-post status-publish format-standard has-post-thumbnail hentry category-reportagens\">\n<div style=\"text-transform:uppercase;\" class=\"editoria  wp-block-post-date has-small-font-size\"><time datetime=\"2014-07-31T16:01:26-03:00\">31 de julho de 2014<\/time><\/div>\n\n<h3 class=\"wp-block-post-title\"><a href=\"https:\/\/www.jornalja.com.br\/arquivo\/generais-omitiram-ate-os-22-dias-que-dilma-rousseff-amargou-no-doi-codi\/\" target=\"_self\" >Generais omitiram at\u00e9 os 22 dias que Dilma Rousseff amargou no DOI CODI<\/a><\/h3>\n<\/li><li class=\"wp-block-post post-17590 post type-post status-publish format-standard has-post-thumbnail hentry category-reportagens tag-imprensa tag-jornalismo tag-rbs tag-veiculos-de-comunicacao\">\n<div style=\"text-transform:uppercase;\" class=\"editoria  wp-block-post-date has-small-font-size\"><time datetime=\"2014-09-12T02:34:06-03:00\">12 de setembro de 2014<\/time><\/div>\n\n<h3 class=\"wp-block-post-title\"><a href=\"https:\/\/www.jornalja.com.br\/arquivo\/a-tesoura-que-assombra-a-rbs\/\" target=\"_self\" >EXCLUSIVO: A tesoura que assombra a RBS<\/a><\/h3>\n<\/li><li class=\"wp-block-post post-21035 post type-post status-publish format-standard has-post-thumbnail hentry category-reportagens\">\n<div style=\"text-transform:uppercase;\" class=\"editoria  wp-block-post-date has-small-font-size\"><time datetime=\"2015-03-19T17:09:32-03:00\">19 de mar\u00e7o de 2015<\/time><\/div>\n\n<h3 class=\"wp-block-post-title\"><a href=\"https:\/\/www.jornalja.com.br\/arquivo\/excelencia-eu-amava-minha-familia\/\" target=\"_self\" >&quot;Excel\u00eancia, eu amava minha fam\u00edlia&quot;<\/a><\/h3>\n<\/li><li class=\"wp-block-post post-22144 post type-post status-publish format-standard has-post-thumbnail hentry category-fundacoes category-geral category-reportagens-especiais\">\n<div style=\"text-transform:uppercase;\" class=\"editoria  wp-block-post-date has-small-font-size\"><time datetime=\"2015-05-22T15:44:17-03:00\">22 de maio de 2015<\/time><\/div>\n\n<h3 class=\"wp-block-post-title\"><a href=\"https:\/\/www.jornalja.com.br\/arquivo\/audiencia-publica-discutira-rumos-do-zoologico-de-sapucaia-do-sul\/\" target=\"_self\" >Audi\u00eancia p\u00fablica discutir\u00e1 rumos do zool\u00f3gico de Sapucaia do Sul<\/a><\/h3>\n<\/li><li class=\"wp-block-post post-22324 post type-post status-publish format-standard has-post-thumbnail hentry category-fundacoes category-geral category-reportagens-especiais\">\n<div style=\"text-transform:uppercase;\" class=\"editoria  wp-block-post-date has-small-font-size\"><time datetime=\"2015-06-03T00:19:17-03:00\">3 de junho de 2015<\/time><\/div>\n\n<h3 class=\"wp-block-post-title\"><a href=\"https:\/\/www.jornalja.com.br\/arquivo\/funcionarios-da-f-zoobotanica-temem-privatizacao-do-parque-zoologico-de-sapucaia-do-sul\/\" target=\"_self\" >Funcion\u00e1rios da Zoobot\u00e2nica apreensivos com futuro do Parque Zool\u00f3gico<\/a><\/h3>\n<\/li><li class=\"wp-block-post post-22871 post type-post status-publish format-standard has-post-thumbnail hentry category-reportagens\">\n<div style=\"text-transform:uppercase;\" class=\"editoria  wp-block-post-date has-small-font-size\"><time datetime=\"2015-07-20T21:24:46-03:00\">20 de julho de 2015<\/time><\/div>\n\n<h3 class=\"wp-block-post-title\"><a href=\"https:\/\/www.jornalja.com.br\/arquivo\/atletas-do-rugby-utilizam-a-redencao-para-treinos-noturnos\/\" target=\"_self\" >Atletas do rugby utilizam a Reden\u00e7\u00e3o para treinos noturnos<\/a><\/h3>\n<\/li><li class=\"wp-block-post post-34886 post type-post status-publish format-standard has-post-thumbnail hentry category-geral category-reportagens-especiais\">\n<div style=\"text-transform:uppercase;\" class=\"editoria  wp-block-post-date has-small-font-size\"><time datetime=\"2016-06-15T12:14:14-03:00\">15 de junho de 2016<\/time><\/div>\n\n<h3 class=\"wp-block-post-title\"><a href=\"https:\/\/www.jornalja.com.br\/arquivo\/crimes-da-ditadura-quatro-brasileiros-em-julgamento-na-italia\/\" target=\"_self\" >Crimes da ditadura: quatro brasileiros em julgamento na It\u00e1lia<\/a><\/h3>\n<\/li><li class=\"wp-block-post post-37257 post type-post status-publish format-standard has-post-thumbnail hentry category-fundacoes category-geral category-reportagens-especiais\">\n<div style=\"text-transform:uppercase;\" class=\"editoria  wp-block-post-date has-small-font-size\"><time datetime=\"2016-07-29T18:10:51-03:00\">29 de julho de 2016<\/time><\/div>\n\n<h3 class=\"wp-block-post-title\"><a href=\"https:\/\/www.jornalja.com.br\/arquivo\/wenzel-e-exonerado-apos-discurso-em-defesa-da-fundacao-zoobotanica\/\" target=\"_self\" >Wenzel \u00e9 exonerado ap\u00f3s discurso em defesa da Funda\u00e7\u00e3o Zoobot\u00e2nica<\/a><\/h3>\n<\/li><li class=\"wp-block-post post-37424 post type-post status-publish format-standard has-post-thumbnail hentry category-fundacoes category-geral category-reportagens-especiais\">\n<div style=\"text-transform:uppercase;\" class=\"editoria  wp-block-post-date has-small-font-size\"><time datetime=\"2016-08-02T18:16:24-03:00\">2 de agosto de 2016<\/time><\/div>\n\n<h3 class=\"wp-block-post-title\"><a href=\"https:\/\/www.jornalja.com.br\/arquivo\/novo-presidente-ainda-nao-assumiu-a-fundacao-zoobotanica\/\" target=\"_self\" >Novo presidente ainda n\u00e3o assumiu a Funda\u00e7\u00e3o Zoobot\u00e2nica<\/a><\/h3>\n<\/li><li class=\"wp-block-post post-41829 post type-post status-publish format-standard has-post-thumbnail hentry category-fundacoes category-geral category-reportagens-especiais\">\n<div style=\"text-transform:uppercase;\" class=\"editoria  wp-block-post-date has-small-font-size\"><time datetime=\"2016-11-29T11:57:57-02:00\">29 de novembro de 2016<\/time><\/div>\n\n<h3 class=\"wp-block-post-title\"><a href=\"https:\/\/www.jornalja.com.br\/arquivo\/abraco-simbolico-inicia-campanha-para-salvar-fundacao-zoobotanica\/\" target=\"_self\" >Abra\u00e7o simb\u00f3lico inicia campanha para salvar Funda\u00e7\u00e3o Zoobot\u00e2nica<\/a><\/h3>\n<\/li><li class=\"wp-block-post post-42189 post type-post status-publish format-standard has-post-thumbnail hentry category-fundacoes category-geral category-reportagens-especiais\">\n<div style=\"text-transform:uppercase;\" class=\"editoria  wp-block-post-date has-small-font-size\"><time datetime=\"2016-12-11T23:39:49-02:00\">11 de dezembro de 2016<\/time><\/div>\n\n<h3 class=\"wp-block-post-title\"><a href=\"https:\/\/www.jornalja.com.br\/arquivo\/ato-em-defesa-das-fundacoes-publicas-recebe-centenas-de-apoiadores\/\" target=\"_self\" >Ato em defesa das funda\u00e7\u00f5es p\u00fablicas recebe centenas de apoiadores<\/a><\/h3>\n<\/li><li class=\"wp-block-post post-42272 post type-post status-publish format-standard has-post-thumbnail hentry category-fundacoes category-geral category-reportagens-especiais\">\n<div style=\"text-transform:uppercase;\" class=\"editoria  wp-block-post-date has-small-font-size\"><time datetime=\"2016-12-12T21:19:29-02:00\">12 de dezembro de 2016<\/time><\/div>\n\n<h3 class=\"wp-block-post-title\"><a href=\"https:\/\/www.jornalja.com.br\/arquivo\/governo-vai-gastar-sete-vezes-mais-diz-pesquisador-da-fzb\/\" target=\"_self\" >&quot;Governo vai gastar sete vezes mais&quot;,  diz pesquisador da FZB<\/a><\/h3>\n<\/li><li class=\"wp-block-post post-42485 post type-post status-publish format-standard has-post-thumbnail hentry category-fundacoes category-geral category-reportagens-especiais\">\n<div style=\"text-transform:uppercase;\" class=\"editoria  wp-block-post-date has-small-font-size\"><time datetime=\"2016-12-18T08:11:05-02:00\">18 de dezembro de 2016<\/time><\/div>\n\n<h3 class=\"wp-block-post-title\"><a href=\"https:\/\/www.jornalja.com.br\/arquivo\/funcionarios-da-fzb-ocupam-o-jardim-botanico\/\" target=\"_self\" >Funcion\u00e1rios, visitantes e zen budistas em defesa da Zoobot\u00e2nica<\/a><\/h3>\n<\/li><\/ul>\n\n\n<div class=\"wp-block-group has-global-padding is-layout-constrained wp-block-group-is-layout-constrained\" style=\"margin-top:var(--wp--preset--spacing--50)\"><nav class=\"wp-block-query-pagination is-content-justification-space-between is-layout-flex wp-container-core-query-pagination-is-layout-b2891da8 wp-block-query-pagination-is-layout-flex\" aria-label=\"Pagina\u00e7\u00e3o\">\n\n\n<div style=\"letter-spacing:12px;\" class=\"wp-block-query-pagination-numbers has-large-font-size\"><span aria-current=\"page\" class=\"page-numbers current\">1<\/span>\n<a class=\"page-numbers\" href=\"?query-0-page=2\">2<\/a>\n<a class=\"page-numbers\" href=\"?query-0-page=3\">3<\/a>\n<a class=\"page-numbers\" href=\"?query-0-page=4\">4<\/a><\/div>\n\n<a href=\"\/arquivo\/wp-json\/wp\/v2\/pages\/72301?query-0-page=2\" class=\"wp-block-query-pagination-next\">Pr\u00f3xima p\u00e1gina<span class='wp-block-query-pagination-next-arrow is-arrow-arrow' aria-hidden='true'>\u2192<\/span><\/a>\n<\/nav>\n\n<\/div>\n<\/div>\n<\/div>\n<\/div>\n<\/div>\n<\/div>\n","protected":false},"excerpt":{"rendered":"","protected":false},"author":1,"featured_media":0,"parent":0,"menu_order":0,"comment_status":"closed","ping_status":"closed","template":"","meta":{"footnotes":""},"class_list":["post-72301","page","type-page","status-publish","hentry"],"aioseo_notices":[],"jetpack_sharing_enabled":true,"jetpack-related-posts":[],"jetpack_shortlink":"https:\/\/wp.me\/PbQjBd-iO9","_links":{"self":[{"href":"https:\/\/www.jornalja.com.br\/arquivo\/wp-json\/wp\/v2\/pages\/72301","targetHints":{"allow":["GET"]}}],"collection":[{"href":"https:\/\/www.jornalja.com.br\/arquivo\/wp-json\/wp\/v2\/pages"}],"about":[{"href":"https:\/\/www.jornalja.com.br\/arquivo\/wp-json\/wp\/v2\/types\/page"}],"author":[{"embeddable":true,"href":"https:\/\/www.jornalja.com.br\/arquivo\/wp-json\/wp\/v2\/users\/1"}],"replies":[{"embeddable":true,"href":"https:\/\/www.jornalja.com.br\/arquivo\/wp-json\/wp\/v2\/comments?post=72301"}],"version-history":[{"count":12,"href":"https:\/\/www.jornalja.com.br\/arquivo\/wp-json\/wp\/v2\/pages\/72301\/revisions"}],"predecessor-version":[{"id":72394,"href":"https:\/\/www.jornalja.com.br\/arquivo\/wp-json\/wp\/v2\/pages\/72301\/revisions\/72394"}],"wp:attachment":[{"href":"https:\/\/www.jornalja.com.br\/arquivo\/wp-json\/wp\/v2\/media?parent=72301"}],"curies":[{"name":"wp","href":"https:\/\/api.w.org\/{rel}","templated":true}]}}