{"id":82670,"date":"2020-07-31T18:41:35","date_gmt":"2020-07-31T21:41:35","guid":{"rendered":"https:\/\/www.jornalja.com.br\/colunas\/?page_id=82670"},"modified":"2026-02-23T15:00:39","modified_gmt":"2026-02-23T18:00:39","slug":"analise","status":"publish","type":"page","link":"https:\/\/www.jornalja.com.br\/colunas\/analise\/","title":{"rendered":"An\u00e1lise&#038;Opini\u00e3o"},"content":{"rendered":"\n<div class=\"wp-block-query alignwide is-layout-flow wp-block-query-is-layout-flow\"><ul class=\"columns-4 wp-block-post-template is-layout-grid wp-container-core-post-template-is-layout-00263ecc wp-block-post-template-is-layout-grid\"><li class=\"wp-block-post post-84737 post type-post status-publish format-standard hentry category-analiseopiniao\">\n<div class=\"wp-block-post-date\"><time datetime=\"2026-04-28T14:03:12-03:00\">28 de abril de 2026<\/time><\/div>\n\n<h3 class=\"wp-block-post-title\"><a href=\"https:\/\/www.jornalja.com.br\/colunas\/dia-internacional-da-educacao-o-brasil-que-se-revela-na-sala-de-aula\/\" target=\"_self\" >Dia Internacional da Educa\u00e7\u00e3o: o Brasil que se revela na sala de aula<\/a><\/h3>\n<\/li><li class=\"wp-block-post post-84725 post type-post status-publish format-standard hentry category-analiseopiniao\">\n<div class=\"wp-block-post-date\"><time datetime=\"2026-04-23T13:16:28-03:00\">23 de abril de 2026<\/time><\/div>\n\n<h3 class=\"wp-block-post-title\"><a href=\"https:\/\/www.jornalja.com.br\/colunas\/e-preciso-refletir-sobre-os-mais-de-84-mil-desaparecidos-no-brasil-em-2025\/\" target=\"_self\" >\u00c9 preciso refletir sobre os mais de 84 mil desaparecidos no Brasil em 2025<\/a><\/h3>\n<\/li><li class=\"wp-block-post post-84714 post type-post status-publish format-standard has-post-thumbnail hentry category-analiseopiniao\">\n<div class=\"wp-block-post-date\"><time datetime=\"2026-04-22T11:48:44-03:00\">22 de abril de 2026<\/time><\/div>\n\n<h3 class=\"wp-block-post-title\"><a href=\"https:\/\/www.jornalja.com.br\/colunas\/22-de-abril-o-instante-em-que-o-brasil-passa-a-existir-para-o-mundo-europeu\/\" target=\"_self\" >22 de abril: o instante em que o Brasil \u201cpassa a existir\u201d para o mundo europeu<\/a><\/h3>\n<\/li><li class=\"wp-block-post post-84703 post type-post status-publish format-standard has-post-thumbnail hentry category-analiseopiniao\">\n<div class=\"wp-block-post-date\"><time datetime=\"2026-04-21T12:09:00-03:00\">21 de abril de 2026<\/time><\/div>\n\n<h3 class=\"wp-block-post-title\"><a href=\"https:\/\/www.jornalja.com.br\/colunas\/tiradentes-o-martir-que-ainda-nos-observa-e-as-inquietacoes-de-um-brasil-inacabado\/\" target=\"_self\" >Tiradentes: o M\u00e1rtir que ainda nos observa e as inquieta\u00e7\u00f5es de um Brasil inacabado<\/a><\/h3>\n<\/li><li class=\"wp-block-post post-84693 post type-post status-publish format-standard hentry category-analiseopiniao\">\n<div class=\"wp-block-post-date\"><time datetime=\"2026-04-20T14:46:31-03:00\">20 de abril de 2026<\/time><\/div>\n\n<h3 class=\"wp-block-post-title\"><a href=\"https:\/\/www.jornalja.com.br\/colunas\/fim-da-escala-6x1-cabe-ao-congresso-decidir-entre-o-progresso-e-o-atraso\/\" target=\"_self\" >Fim da escala 6&#215;1: cabe ao Congresso decidir entre o progresso e o atraso<\/a><\/h3>\n<\/li><li class=\"wp-block-post post-84690 post type-post status-publish format-standard hentry category-analiseopiniao\">\n<div class=\"wp-block-post-date\"><time datetime=\"2026-04-17T15:44:33-03:00\">17 de abril de 2026<\/time><\/div>\n\n<h3 class=\"wp-block-post-title\"><a href=\"https:\/\/www.jornalja.com.br\/colunas\/17-de-abril-de-1996-30-anos-do-massacre-de-eldorado-do-carajas\/\" target=\"_self\" >17 de abril de 1996: 30 anos do Massacre de Eldorado do Caraj\u00e1s<\/a><\/h3>\n<\/li><li class=\"wp-block-post post-84681 post type-post status-publish format-standard hentry category-analiseopiniao\">\n<div class=\"wp-block-post-date\"><time datetime=\"2026-04-16T17:07:10-03:00\">16 de abril de 2026<\/time><\/div>\n\n<h3 class=\"wp-block-post-title\"><a href=\"https:\/\/www.jornalja.com.br\/colunas\/recordar-zuzu-angel-50-anos-apos-sua-morte-e-um-ato-etico\/\" target=\"_self\" >Recordar Zuzu Angel 50 anos ap\u00f3s sua morte \u00e9 um ato \u00e9tico<\/a><\/h3>\n<\/li><li class=\"wp-block-post post-84673 post type-post status-publish format-standard hentry category-analiseopiniao\">\n<div class=\"wp-block-post-date\"><time datetime=\"2026-04-14T16:59:36-03:00\">14 de abril de 2026<\/time><\/div>\n\n<h3 class=\"wp-block-post-title\"><a href=\"https:\/\/www.jornalja.com.br\/colunas\/40-anos-sem-simone-de-beauvoir-uma-interlocutora-ainda-incomoda-do-presente\/\" target=\"_self\" >40 anos sem Simone de Beauvoir, uma interlocutora ainda inc\u00f4moda do presente<\/a><\/h3>\n<\/li><li class=\"wp-block-post post-84632 post type-post status-publish format-standard hentry category-analiseopiniao\">\n<div class=\"wp-block-post-date\"><time datetime=\"2026-04-14T14:52:59-03:00\">14 de abril de 2026<\/time><\/div>\n\n<h3 class=\"wp-block-post-title\"><a href=\"https:\/\/www.jornalja.com.br\/colunas\/medicos-alertam-para-os-riscos-a-saude-de-nova-fabrica-de-celulose-da-cmpc\/\" target=\"_self\" >M\u00e9dicos alertam para os riscos \u00e0 sa\u00fade de nova f\u00e1brica de celulose da CMPC<\/a><\/h3>\n<\/li><li class=\"wp-block-post post-84622 post type-post status-publish format-standard has-post-thumbnail hentry category-analiseopiniao\">\n<div class=\"wp-block-post-date\"><time datetime=\"2026-04-13T20:13:45-03:00\">13 de abril de 2026<\/time><\/div>\n\n<h3 class=\"wp-block-post-title\"><a href=\"https:\/\/www.jornalja.com.br\/colunas\/13-de-abril-queriam-transformar-o-hino-nacional-em-grito-de-guerra-mas-ele-insiste-em-ser-canto-de-paz\/\" target=\"_self\" >13 de abril: Queriam transformar o Hino Nacional em grito de guerra, mas ele insiste em ser canto de paz<\/a><\/h3>\n<\/li><li class=\"wp-block-post post-84617 post type-post status-publish format-standard has-post-thumbnail hentry category-analiseopiniao\">\n<div class=\"wp-block-post-date\"><time datetime=\"2026-04-10T05:59:04-03:00\">10 de abril de 2026<\/time><\/div>\n\n<h3 class=\"wp-block-post-title\"><a href=\"https:\/\/www.jornalja.com.br\/colunas\/o-candidato-de-si-mesmo\/\" target=\"_self\" >O candidato de si mesmo<\/a><\/h3>\n<\/li><li class=\"wp-block-post post-84609 post type-post status-publish format-standard hentry category-analiseopiniao\">\n<div class=\"wp-block-post-date\"><time datetime=\"2026-03-30T17:09:50-03:00\">30 de mar\u00e7o de 2026<\/time><\/div>\n\n<h3 class=\"wp-block-post-title\"><a href=\"https:\/\/www.jornalja.com.br\/colunas\/o-centro-historico-de-porto-alegre\/\" target=\"_self\" >O Centro (Hist\u00f3rico) de Porto Alegre<\/a><\/h3>\n<\/li><li class=\"wp-block-post post-84590 post type-post status-publish format-standard has-post-thumbnail hentry category-analiseopiniao\">\n<div class=\"wp-block-post-date\"><time datetime=\"2026-03-08T17:35:22-03:00\">8 de mar\u00e7o de 2026<\/time><\/div>\n\n<h3 class=\"wp-block-post-title\"><a href=\"https:\/\/www.jornalja.com.br\/colunas\/e-preciso-defender-o-jardim-botanico-de-porto-alegre\/\" target=\"_self\" >\u00c9 preciso defender o Jardim Bot\u00e2nico de Porto Alegre<\/a><\/h3>\n<\/li><li class=\"wp-block-post post-84564 post type-post status-publish format-standard has-post-thumbnail hentry category-analiseopiniao\">\n<div class=\"wp-block-post-date\"><time datetime=\"2026-03-06T17:58:40-03:00\">6 de mar\u00e7o de 2026<\/time><\/div>\n\n<h3 class=\"wp-block-post-title\"><a href=\"https:\/\/www.jornalja.com.br\/colunas\/a-nova-celulose-a-beira-do-guaiba-e-o-risco-de-repetir-a-borregaard\/\" target=\"_self\" >A nova celulose \u00e0 beira do Gua\u00edba e o risco de repetir a Borregaard<\/a><\/h3>\n<\/li><li class=\"wp-block-post post-84557 post type-post status-publish format-standard hentry category-analiseopiniao\">\n<div class=\"wp-block-post-date\"><time datetime=\"2026-03-02T21:06:27-03:00\">2 de mar\u00e7o de 2026<\/time><\/div>\n\n<h3 class=\"wp-block-post-title\"><a href=\"https:\/\/www.jornalja.com.br\/colunas\/entrevista-com-leonel-brizola-como-nascem-as-falsificacoes-historicas\/\" target=\"_self\" >Entrevista com Leonel Brizola: Como nascem as falsifica\u00e7\u00f5es hist\u00f3ricas<\/a><\/h3>\n<\/li><li class=\"wp-block-post post-84517 post type-post status-publish format-standard hentry category-analiseopiniao\">\n<div class=\"wp-block-post-date\"><time datetime=\"2026-02-24T07:07:00-03:00\">24 de fevereiro de 2026<\/time><\/div>\n\n<h3 class=\"wp-block-post-title\"><a href=\"https:\/\/www.jornalja.com.br\/colunas\/feminicidio-nova-campanha-vai-mostrar-o-agressor\/\" target=\"_self\" >Feminic\u00eddio, nova campanha vai mostrar o  agressor<\/a><\/h3>\n<\/li><li class=\"wp-block-post post-84538 post type-post status-publish format-standard hentry category-analiseopiniao\">\n<div class=\"wp-block-post-date\"><time datetime=\"2026-02-23T00:28:53-03:00\">23 de fevereiro de 2026<\/time><\/div>\n\n<h3 class=\"wp-block-post-title\"><a href=\"https:\/\/www.jornalja.com.br\/colunas\/vargas-e-lula-algo-em-comum\/\" target=\"_self\" >Vargas e Lula, algo em comum<\/a><\/h3>\n<\/li><li class=\"wp-block-post post-84527 post type-post status-publish format-standard hentry category-analiseopiniao\">\n<div class=\"wp-block-post-date\"><time datetime=\"2026-02-19T22:56:38-03:00\">19 de fevereiro de 2026<\/time><\/div>\n\n<h3 class=\"wp-block-post-title\"><a href=\"https:\/\/www.jornalja.com.br\/colunas\/84527-2\/\" target=\"_self\" >EUA convoca Europa a recolonizar o Sul Global<\/a><\/h3>\n<\/li><li class=\"wp-block-post post-84468 post type-post status-publish format-standard hentry category-analiseopiniao\">\n<div class=\"wp-block-post-date\"><time datetime=\"2025-11-11T11:27:33-03:00\">11 de novembro de 2025<\/time><\/div>\n\n<h3 class=\"wp-block-post-title\"><a href=\"https:\/\/www.jornalja.com.br\/colunas\/a-presidenta-a-miss-e-as-meninas-do-brasil\/\" target=\"_self\" >A presidenta, a miss e as meninas do Brasil<\/a><\/h3>\n<\/li><li class=\"wp-block-post post-84451 post type-post status-publish format-standard has-post-thumbnail hentry category-analiseopiniao\">\n<div class=\"wp-block-post-date\"><time datetime=\"2025-10-08T11:12:54-03:00\">8 de outubro de 2025<\/time><\/div>\n\n<h3 class=\"wp-block-post-title\"><a href=\"https:\/\/www.jornalja.com.br\/colunas\/marcia-turcato-greta-uma-adolescente-na-lideranca-do-mundo\/\" target=\"_self\" >M\u00c1RCIA TURCATO \/ Greta, uma adolescente na lideran\u00e7a do mundo<\/a><\/h3>\n<\/li><\/ul>\n\n\n<div style=\"height:70px\" aria-hidden=\"true\" class=\"wp-block-spacer\"><\/div>\n\n\n<nav class=\"wp-block-query-pagination is-content-justification-space-between is-layout-flex wp-container-core-query-pagination-is-layout-b2891da8 wp-block-query-pagination-is-layout-flex\" aria-label=\"Pagina\u00e7\u00e3o\">\n\n\n<div style=\"letter-spacing:12px;\" class=\"wp-block-query-pagination-numbers has-large-font-size\"><span aria-current=\"page\" class=\"page-numbers current\">1<\/span>\n<a class=\"page-numbers\" href=\"?query-0-page=2\">2<\/a>\n<a class=\"page-numbers\" href=\"?query-0-page=3\">3<\/a>\n<span class=\"page-numbers dots\">&hellip;<\/span>\n<a class=\"page-numbers\" href=\"?query-0-page=48\">48<\/a><\/div>\n\n<a href=\"\/colunas\/wp-json\/wp\/v2\/pages\/82670?query-0-page=2\" class=\"wp-block-query-pagination-next\">Pr\u00f3xima p\u00e1gina<span class='wp-block-query-pagination-next-arrow is-arrow-arrow' aria-hidden='true'>\u2192<\/span><\/a>\n<\/nav>\n\n<\/div>\n","protected":false},"excerpt":{"rendered":"","protected":false},"author":1,"featured_media":0,"parent":0,"menu_order":0,"comment_status":"closed","ping_status":"closed","template":"","meta":{"jetpack_post_was_ever_published":false,"footnotes":""},"class_list":["post-82670","page","type-page","status-publish","hentry"],"aioseo_notices":[],"jetpack-related-posts":[],"jetpack_shortlink":"https:\/\/wp.me\/PbKo0s-lvo","jetpack_sharing_enabled":true,"_links":{"self":[{"href":"https:\/\/www.jornalja.com.br\/colunas\/wp-json\/wp\/v2\/pages\/82670","targetHints":{"allow":["GET"]}}],"collection":[{"href":"https:\/\/www.jornalja.com.br\/colunas\/wp-json\/wp\/v2\/pages"}],"about":[{"href":"https:\/\/www.jornalja.com.br\/colunas\/wp-json\/wp\/v2\/types\/page"}],"author":[{"embeddable":true,"href":"https:\/\/www.jornalja.com.br\/colunas\/wp-json\/wp\/v2\/users\/1"}],"replies":[{"embeddable":true,"href":"https:\/\/www.jornalja.com.br\/colunas\/wp-json\/wp\/v2\/comments?post=82670"}],"version-history":[{"count":5,"href":"https:\/\/www.jornalja.com.br\/colunas\/wp-json\/wp\/v2\/pages\/82670\/revisions"}],"predecessor-version":[{"id":84541,"href":"https:\/\/www.jornalja.com.br\/colunas\/wp-json\/wp\/v2\/pages\/82670\/revisions\/84541"}],"wp:attachment":[{"href":"https:\/\/www.jornalja.com.br\/colunas\/wp-json\/wp\/v2\/media?parent=82670"}],"curies":[{"name":"wp","href":"https:\/\/api.w.org\/{rel}","templated":true}]}}

Análise&#038;Opinião

<div class="wp-block-query alignwide is-layout-flow wp-block-query-is-layout-flow"><ul class="columns-4 wp-block-post-template is-layout-grid wp-container-core-post-template-is-layout-00263ecc wp-block-post-template-is-layout-grid"><li class="wp-block-post post-84737 post type-post status-publish format-standard hentry category-analiseopiniao">
<div class="wp-block-post-date"><time datetime="2026-04-28T14:03:12-03:00">28 de abril de 2026</time></div>

<h3 class="wp-block-post-title"><a href="https://www.jornalja.com.br/colunas/dia-internacional-da-educacao-o-brasil-que-se-revela-na-sala-de-aula/" target="_self" >Dia Internacional da Educação: o Brasil que se revela na sala de aula</a></h3>
</li><li class="wp-block-post post-84725 post type-post status-publish format-standard hentry category-analiseopiniao">
<div class="wp-block-post-date"><time datetime="2026-04-23T13:16:28-03:00">23 de abril de 2026</time></div>

<h3 class="wp-block-post-title"><a href="https://www.jornalja.com.br/colunas/e-preciso-refletir-sobre-os-mais-de-84-mil-desaparecidos-no-brasil-em-2025/" target="_self" >É preciso refletir sobre os mais de 84 mil desaparecidos no Brasil em 2025</a></h3>
</li><li class="wp-block-post post-84714 post type-post status-publish format-standard has-post-thumbnail hentry category-analiseopiniao">
<div class="wp-block-post-date"><time datetime="2026-04-22T11:48:44-03:00">22 de abril de 2026</time></div>

<h3 class="wp-block-post-title"><a href="https://www.jornalja.com.br/colunas/22-de-abril-o-instante-em-que-o-brasil-passa-a-existir-para-o-mundo-europeu/" target="_self" >22 de abril: o instante em que o Brasil “passa a existir” para o mundo europeu</a></h3>
</li><li class="wp-block-post post-84703 post type-post status-publish format-standard has-post-thumbnail hentry category-analiseopiniao">
<div class="wp-block-post-date"><time datetime="2026-04-21T12:09:00-03:00">21 de abril de 2026</time></div>

<h3 class="wp-block-post-title"><a href="https://www.jornalja.com.br/colunas/tiradentes-o-martir-que-ainda-nos-observa-e-as-inquietacoes-de-um-brasil-inacabado/" target="_self" >Tiradentes: o Mártir que ainda nos observa e as inquietações de um Brasil inacabado</a></h3>
</li><li class="wp-block-post post-84693 post type-post status-publish format-standard hentry category-analiseopiniao">
<div class="wp-block-post-date"><time datetime="2026-04-20T14:46:31-03:00">20 de abril de 2026</time></div>

<h3 class="wp-block-post-title"><a href="https://www.jornalja.com.br/colunas/fim-da-escala-6x1-cabe-ao-congresso-decidir-entre-o-progresso-e-o-atraso/" target="_self" >Fim da escala 6&#215;1: cabe ao Congresso decidir entre o progresso e o atraso</a></h3>
</li><li class="wp-block-post post-84690 post type-post status-publish format-standard hentry category-analiseopiniao">
<div class="wp-block-post-date"><time datetime="2026-04-17T15:44:33-03:00">17 de abril de 2026</time></div>

<h3 class="wp-block-post-title"><a href="https://www.jornalja.com.br/colunas/17-de-abril-de-1996-30-anos-do-massacre-de-eldorado-do-carajas/" target="_self" >17 de abril de 1996: 30 anos do Massacre de Eldorado do Carajás</a></h3>
</li><li class="wp-block-post post-84681 post type-post status-publish format-standard hentry category-analiseopiniao">
<div class="wp-block-post-date"><time datetime="2026-04-16T17:07:10-03:00">16 de abril de 2026</time></div>

<h3 class="wp-block-post-title"><a href="https://www.jornalja.com.br/colunas/recordar-zuzu-angel-50-anos-apos-sua-morte-e-um-ato-etico/" target="_self" >Recordar Zuzu Angel 50 anos após sua morte é um ato ético</a></h3>
</li><li class="wp-block-post post-84673 post type-post status-publish format-standard hentry category-analiseopiniao">
<div class="wp-block-post-date"><time datetime="2026-04-14T16:59:36-03:00">14 de abril de 2026</time></div>

<h3 class="wp-block-post-title"><a href="https://www.jornalja.com.br/colunas/40-anos-sem-simone-de-beauvoir-uma-interlocutora-ainda-incomoda-do-presente/" target="_self" >40 anos sem Simone de Beauvoir, uma interlocutora ainda incômoda do presente</a></h3>
</li><li class="wp-block-post post-84632 post type-post status-publish format-standard hentry category-analiseopiniao">
<div class="wp-block-post-date"><time datetime="2026-04-14T14:52:59-03:00">14 de abril de 2026</time></div>

<h3 class="wp-block-post-title"><a href="https://www.jornalja.com.br/colunas/medicos-alertam-para-os-riscos-a-saude-de-nova-fabrica-de-celulose-da-cmpc/" target="_self" >Médicos alertam para os riscos à saúde de nova fábrica de celulose da CMPC</a></h3>
</li><li class="wp-block-post post-84622 post type-post status-publish format-standard has-post-thumbnail hentry category-analiseopiniao">
<div class="wp-block-post-date"><time datetime="2026-04-13T20:13:45-03:00">13 de abril de 2026</time></div>

<h3 class="wp-block-post-title"><a href="https://www.jornalja.com.br/colunas/13-de-abril-queriam-transformar-o-hino-nacional-em-grito-de-guerra-mas-ele-insiste-em-ser-canto-de-paz/" target="_self" >13 de abril: Queriam transformar o Hino Nacional em grito de guerra, mas ele insiste em ser canto de paz</a></h3>
</li><li class="wp-block-post post-84617 post type-post status-publish format-standard has-post-thumbnail hentry category-analiseopiniao">
<div class="wp-block-post-date"><time datetime="2026-04-10T05:59:04-03:00">10 de abril de 2026</time></div>

<h3 class="wp-block-post-title"><a href="https://www.jornalja.com.br/colunas/o-candidato-de-si-mesmo/" target="_self" >O candidato de si mesmo</a></h3>
</li><li class="wp-block-post post-84609 post type-post status-publish format-standard hentry category-analiseopiniao">
<div class="wp-block-post-date"><time datetime="2026-03-30T17:09:50-03:00">30 de março de 2026</time></div>

<h3 class="wp-block-post-title"><a href="https://www.jornalja.com.br/colunas/o-centro-historico-de-porto-alegre/" target="_self" >O Centro (Histórico) de Porto Alegre</a></h3>
</li><li class="wp-block-post post-84590 post type-post status-publish format-standard has-post-thumbnail hentry category-analiseopiniao">
<div class="wp-block-post-date"><time datetime="2026-03-08T17:35:22-03:00">8 de março de 2026</time></div>

<h3 class="wp-block-post-title"><a href="https://www.jornalja.com.br/colunas/e-preciso-defender-o-jardim-botanico-de-porto-alegre/" target="_self" >É preciso defender o Jardim Botânico de Porto Alegre</a></h3>
</li><li class="wp-block-post post-84564 post type-post status-publish format-standard has-post-thumbnail hentry category-analiseopiniao">
<div class="wp-block-post-date"><time datetime="2026-03-06T17:58:40-03:00">6 de março de 2026</time></div>

<h3 class="wp-block-post-title"><a href="https://www.jornalja.com.br/colunas/a-nova-celulose-a-beira-do-guaiba-e-o-risco-de-repetir-a-borregaard/" target="_self" >A nova celulose à beira do Guaíba e o risco de repetir a Borregaard</a></h3>
</li><li class="wp-block-post post-84557 post type-post status-publish format-standard hentry category-analiseopiniao">
<div class="wp-block-post-date"><time datetime="2026-03-02T21:06:27-03:00">2 de março de 2026</time></div>

<h3 class="wp-block-post-title"><a href="https://www.jornalja.com.br/colunas/entrevista-com-leonel-brizola-como-nascem-as-falsificacoes-historicas/" target="_self" >Entrevista com Leonel Brizola: Como nascem as falsificações históricas</a></h3>
</li><li class="wp-block-post post-84517 post type-post status-publish format-standard hentry category-analiseopiniao">
<div class="wp-block-post-date"><time datetime="2026-02-24T07:07:00-03:00">24 de fevereiro de 2026</time></div>

<h3 class="wp-block-post-title"><a href="https://www.jornalja.com.br/colunas/feminicidio-nova-campanha-vai-mostrar-o-agressor/" target="_self" >Feminicídio, nova campanha vai mostrar o  agressor</a></h3>
</li><li class="wp-block-post post-84538 post type-post status-publish format-standard hentry category-analiseopiniao">
<div class="wp-block-post-date"><time datetime="2026-02-23T00:28:53-03:00">23 de fevereiro de 2026</time></div>

<h3 class="wp-block-post-title"><a href="https://www.jornalja.com.br/colunas/vargas-e-lula-algo-em-comum/" target="_self" >Vargas e Lula, algo em comum</a></h3>
</li><li class="wp-block-post post-84527 post type-post status-publish format-standard hentry category-analiseopiniao">
<div class="wp-block-post-date"><time datetime="2026-02-19T22:56:38-03:00">19 de fevereiro de 2026</time></div>

<h3 class="wp-block-post-title"><a href="https://www.jornalja.com.br/colunas/84527-2/" target="_self" >EUA convoca Europa a recolonizar o Sul Global</a></h3>
</li><li class="wp-block-post post-84468 post type-post status-publish format-standard hentry category-analiseopiniao">
<div class="wp-block-post-date"><time datetime="2025-11-11T11:27:33-03:00">11 de novembro de 2025</time></div>

<h3 class="wp-block-post-title"><a href="https://www.jornalja.com.br/colunas/a-presidenta-a-miss-e-as-meninas-do-brasil/" target="_self" >A presidenta, a miss e as meninas do Brasil</a></h3>
</li><li class="wp-block-post post-84451 post type-post status-publish format-standard has-post-thumbnail hentry category-analiseopiniao">
<div class="wp-block-post-date"><time datetime="2025-10-08T11:12:54-03:00">8 de outubro de 2025</time></div>

<h3 class="wp-block-post-title"><a href="https://www.jornalja.com.br/colunas/marcia-turcato-greta-uma-adolescente-na-lideranca-do-mundo/" target="_self" >MÁRCIA TURCATO / Greta, uma adolescente na liderança do mundo</a></h3>
</li></ul>


<div style="height:70px" aria-hidden="true" class="wp-block-spacer"></div>


<nav class="wp-block-query-pagination is-content-justification-space-between is-layout-flex wp-container-core-query-pagination-is-layout-b2891da8 wp-block-query-pagination-is-layout-flex" aria-label="Paginação">


<div style="letter-spacing:12px;" class="wp-block-query-pagination-numbers has-large-font-size"><span aria-current="page" class="page-numbers current">1</span>
<a class="page-numbers" href="?query-0-page=2">2</a>
<a class="page-numbers" href="?query-0-page=3">3</a>
<span class="page-numbers dots">&hellip;</span>
<a class="page-numbers" href="?query-0-page=48">48</a></div>

<a href="/colunas/wp-json/wp/v2/pages/82670?query-0-page=2" class="wp-block-query-pagination-next">Próxima página<span class='wp-block-query-pagination-next-arrow is-arrow-arrow' aria-hidden='true'>→</span></a>
</nav>

</div>
