{"id":61660,"date":"2020-03-03T23:53:23","date_gmt":"2020-03-04T02:53:23","guid":{"rendered":"https:\/\/www.jornalja.com.br\/caismaua\/?page_id=61660"},"modified":"2026-02-19T12:58:53","modified_gmt":"2026-02-19T15:58:53","slug":"caismaua","status":"publish","type":"page","link":"https:\/\/www.jornalja.com.br\/especiais\/principal\/cais-maua\/caismaua\/","title":{"rendered":"Dossi\u00ea Cais Mau\u00e1"},"content":{"rendered":"\n<p>Este especial cont\u00e9m uma s\u00e9rie de mat\u00e9rias publicadas entre mar\u00e7o de 2016 e abril de 2018.<\/p>\n\n\n\n<p>Em abril de 2019 foi iniciada uma nova s\u00e9rie de mat\u00e9rias num especial chamado <a href=\"https:\/\/www.jornalja.com.br\/especiais\/principal\/cais-maua\/cais-maua-urgente\/\" target=\"_blank\" rel=\"noopener\">Cais Mau\u00e1 Urgente<\/a> (clique para acessar).<\/p>\n\n\n\n<div class=\"wp-block-group is-style-section-2 has-global-padding is-layout-constrained wp-container-core-group-is-layout-d42bcf33 wp-block-group-is-layout-constrained is-style-section-2--1\" style=\"margin-top:1rem;margin-bottom:2rem;padding-top:1.5rem;padding-right:1.5rem;padding-bottom:1.5rem;padding-left:1.5rem\">\n<div class=\"wp-block-query is-layout-flow wp-block-query-is-layout-flow\"><ul class=\"columns-2 wp-block-post-template is-layout-grid wp-container-core-post-template-is-layout-4f4c8247 wp-block-post-template-is-layout-grid\"><li class=\"wp-block-post post-60508 post type-post status-publish format-standard has-post-thumbnail hentry category-cais-destaque category-cais-materia category-hotsite-cais\">\n<figure style=\"aspect-ratio:16\/9;\" class=\"wp-block-post-featured-image\"><a href=\"https:\/\/www.jornalja.com.br\/especiais\/uma-ideia-revitalizadora-criar-o-museu-do-cais-maua\/\" target=\"_self\"  ><img decoding=\"async\" width=\"300\" height=\"170\" src=\"https:\/\/www.jornalja.com.br\/especiais\/wp-content\/uploads\/sites\/14\/2018\/03\/20180308-113548-300x170.jpg\" class=\"attachment-medium size-medium wp-post-image\" alt=\"Uma ideia revitalizadora: criar o Museu do Cais Mau\u00e1\" style=\"width:100%;height:100%;object-fit:cover;\" srcset=\"https:\/\/www.jornalja.com.br\/especiais\/wp-content\/uploads\/sites\/14\/2018\/03\/20180308-113548-300x170.jpg 300w, https:\/\/www.jornalja.com.br\/especiais\/wp-content\/uploads\/sites\/14\/2018\/03\/20180308-113548-scaled.jpg 1024w, https:\/\/www.jornalja.com.br\/especiais\/wp-content\/uploads\/sites\/14\/2018\/03\/20180308-113548-768x435.jpg 768w\" sizes=\"(max-width: 300px) 100vw, 300px\" \/><\/a><\/figure>\n\n<h2 class=\"wp-block-post-title\"><a href=\"https:\/\/www.jornalja.com.br\/especiais\/uma-ideia-revitalizadora-criar-o-museu-do-cais-maua\/\" target=\"_self\" >Uma ideia revitalizadora: criar o Museu do Cais Mau\u00e1<\/a><\/h2>\n<\/li><li class=\"wp-block-post post-60442 post type-post status-publish format-standard has-post-thumbnail hentry category-cais-destaque category-cais-materia category-hotsite-cais\">\n<figure style=\"aspect-ratio:16\/9;\" class=\"wp-block-post-featured-image\"><a href=\"https:\/\/www.jornalja.com.br\/especiais\/movimento-esta-restrito-nas-areas-secas-do-cais-maua\/\" target=\"_self\"  ><img decoding=\"async\" width=\"300\" height=\"200\" src=\"https:\/\/www.jornalja.com.br\/especiais\/wp-content\/uploads\/sites\/14\/2020\/03\/07todospelocais-300x200.jpg\" class=\"attachment-medium size-medium wp-post-image\" alt=\"Movimento est\u00e1 restrito nas \u00e1reas secas do Cais Mau\u00e1\" style=\"width:100%;height:100%;object-fit:cover;\" srcset=\"https:\/\/www.jornalja.com.br\/especiais\/wp-content\/uploads\/sites\/14\/2020\/03\/07todospelocais-300x200.jpg 300w, https:\/\/www.jornalja.com.br\/especiais\/wp-content\/uploads\/sites\/14\/2020\/03\/07todospelocais.jpg 700w\" sizes=\"(max-width: 300px) 100vw, 300px\" \/><\/a><\/figure>\n\n<h2 class=\"wp-block-post-title\"><a href=\"https:\/\/www.jornalja.com.br\/especiais\/movimento-esta-restrito-nas-areas-secas-do-cais-maua\/\" target=\"_self\" >Movimento est\u00e1 restrito nas \u00e1reas secas do Cais Mau\u00e1<\/a><\/h2>\n<\/li><\/ul>\n\n<\/div>\n<\/div>\n\n\n\n<div class=\"wp-block-group has-global-padding is-layout-constrained wp-block-group-is-layout-constrained\" style=\"margin-top:0;margin-bottom:2rem\">\n<div class=\"wp-block-query is-layout-flow wp-block-query-is-layout-flow\"><ul class=\"columns-1 wp-block-post-template is-layout-grid wp-container-core-post-template-is-layout-a3775a52 wp-block-post-template-is-layout-grid\"><li class=\"wp-block-post post-60649 post type-post status-publish format-standard has-post-thumbnail hentry category-manchete-cais-maua category-hotsite-cais\">\n<figure style=\"aspect-ratio:16\/9;\" class=\"wp-block-post-featured-image\"><a href=\"https:\/\/www.jornalja.com.br\/especiais\/cais-maua-ja-busca-parceiros-para-ocupar-onze-armazens\/\" target=\"_self\"  ><img decoding=\"async\" width=\"300\" height=\"200\" src=\"https:\/\/www.jornalja.com.br\/especiais\/wp-content\/uploads\/sites\/14\/2018\/03\/cais-2016-01-300x200.jpg\" class=\"attachment-medium size-medium wp-post-image\" alt=\"Cais Mau\u00e1 j\u00e1 busca parceiros para ocupar armaz\u00e9ns\" style=\"width:100%;height:100%;object-fit:cover;\" srcset=\"https:\/\/www.jornalja.com.br\/especiais\/wp-content\/uploads\/sites\/14\/2018\/03\/cais-2016-01-300x200.jpg 300w, https:\/\/www.jornalja.com.br\/especiais\/wp-content\/uploads\/sites\/14\/2018\/03\/cais-2016-01.jpg 725w\" sizes=\"(max-width: 300px) 100vw, 300px\" \/><\/a><\/figure>\n\n<h2 class=\"wp-block-post-title\"><a href=\"https:\/\/www.jornalja.com.br\/especiais\/cais-maua-ja-busca-parceiros-para-ocupar-onze-armazens\/\" target=\"_self\" >Cais Mau\u00e1 j\u00e1 busca parceiros para ocupar armaz\u00e9ns<\/a><\/h2>\n<\/li><\/ul>\n\n<\/div>\n<\/div>\n\n\n\n<div class=\"wp-block-group has-global-padding is-layout-constrained wp-block-group-is-layout-constrained\" style=\"margin-top:0;margin-bottom:2rem\">\n<div class=\"wp-block-query is-layout-flow wp-block-query-is-layout-flow\"><ul class=\"columns-3 wp-block-post-template is-layout-grid wp-container-core-post-template-is-layout-e102377b wp-block-post-template-is-layout-grid\"><li class=\"wp-block-post post-61572 post type-post status-publish format-standard has-post-thumbnail hentry category-cais-materia category-hotsite-cais\">\n<figure style=\"aspect-ratio:16\/9;\" class=\"wp-block-post-featured-image\"><a href=\"https:\/\/www.jornalja.com.br\/especiais\/pf-investiga-fraudes-na-gestao-de-investimentos-do-cais-maua\/\" target=\"_self\"  ><img decoding=\"async\" width=\"300\" height=\"189\" src=\"https:\/\/www.jornalja.com.br\/especiais\/wp-content\/uploads\/sites\/14\/2015\/04\/cais-para-site11-300x189.jpg\" class=\"attachment-medium size-medium wp-post-image\" alt=\"PF investiga fraudes na gest\u00e3o de investimentos do Cais Mau\u00e1\" style=\"width:100%;height:100%;object-fit:cover;\" srcset=\"https:\/\/www.jornalja.com.br\/especiais\/wp-content\/uploads\/sites\/14\/2015\/04\/cais-para-site11-300x189.jpg 300w, https:\/\/www.jornalja.com.br\/especiais\/wp-content\/uploads\/sites\/14\/2015\/04\/cais-para-site11.jpg 700w\" sizes=\"(max-width: 300px) 100vw, 300px\" \/><\/a><\/figure>\n\n<h3 class=\"wp-block-post-title\"><a href=\"https:\/\/www.jornalja.com.br\/especiais\/pf-investiga-fraudes-na-gestao-de-investimentos-do-cais-maua\/\" target=\"_self\" >PF investiga fraudes na gest\u00e3o de investimentos do Cais Mau\u00e1<\/a><\/h3>\n<\/li><li class=\"wp-block-post post-60508 post type-post status-publish format-standard has-post-thumbnail hentry category-cais-destaque category-cais-materia category-hotsite-cais\">\n<figure style=\"aspect-ratio:16\/9;\" class=\"wp-block-post-featured-image\"><a href=\"https:\/\/www.jornalja.com.br\/especiais\/uma-ideia-revitalizadora-criar-o-museu-do-cais-maua\/\" target=\"_self\"  ><img decoding=\"async\" width=\"300\" height=\"170\" src=\"https:\/\/www.jornalja.com.br\/especiais\/wp-content\/uploads\/sites\/14\/2018\/03\/20180308-113548-300x170.jpg\" class=\"attachment-medium size-medium wp-post-image\" alt=\"Uma ideia revitalizadora: criar o Museu do Cais Mau\u00e1\" style=\"width:100%;height:100%;object-fit:cover;\" srcset=\"https:\/\/www.jornalja.com.br\/especiais\/wp-content\/uploads\/sites\/14\/2018\/03\/20180308-113548-300x170.jpg 300w, https:\/\/www.jornalja.com.br\/especiais\/wp-content\/uploads\/sites\/14\/2018\/03\/20180308-113548-scaled.jpg 1024w, https:\/\/www.jornalja.com.br\/especiais\/wp-content\/uploads\/sites\/14\/2018\/03\/20180308-113548-768x435.jpg 768w\" sizes=\"(max-width: 300px) 100vw, 300px\" \/><\/a><\/figure>\n\n<h3 class=\"wp-block-post-title\"><a href=\"https:\/\/www.jornalja.com.br\/especiais\/uma-ideia-revitalizadora-criar-o-museu-do-cais-maua\/\" target=\"_self\" >Uma ideia revitalizadora: criar o Museu do Cais Mau\u00e1<\/a><\/h3>\n<\/li><li class=\"wp-block-post post-60442 post type-post status-publish format-standard has-post-thumbnail hentry category-cais-destaque category-cais-materia category-hotsite-cais\">\n<figure style=\"aspect-ratio:16\/9;\" class=\"wp-block-post-featured-image\"><a href=\"https:\/\/www.jornalja.com.br\/especiais\/movimento-esta-restrito-nas-areas-secas-do-cais-maua\/\" target=\"_self\"  ><img decoding=\"async\" width=\"300\" height=\"200\" src=\"https:\/\/www.jornalja.com.br\/especiais\/wp-content\/uploads\/sites\/14\/2020\/03\/07todospelocais-300x200.jpg\" class=\"attachment-medium size-medium wp-post-image\" alt=\"Movimento est\u00e1 restrito nas \u00e1reas secas do Cais Mau\u00e1\" style=\"width:100%;height:100%;object-fit:cover;\" srcset=\"https:\/\/www.jornalja.com.br\/especiais\/wp-content\/uploads\/sites\/14\/2020\/03\/07todospelocais-300x200.jpg 300w, https:\/\/www.jornalja.com.br\/especiais\/wp-content\/uploads\/sites\/14\/2020\/03\/07todospelocais.jpg 700w\" sizes=\"(max-width: 300px) 100vw, 300px\" \/><\/a><\/figure>\n\n<h3 class=\"wp-block-post-title\"><a href=\"https:\/\/www.jornalja.com.br\/especiais\/movimento-esta-restrito-nas-areas-secas-do-cais-maua\/\" target=\"_self\" >Movimento est\u00e1 restrito nas \u00e1reas secas do Cais Mau\u00e1<\/a><\/h3>\n<\/li><li class=\"wp-block-post post-60225 post type-post status-publish format-standard has-post-thumbnail hentry category-cais-destaque category-cais-materia category-hotsite-cais tag-efeitos tag-imprensa\">\n<figure style=\"aspect-ratio:16\/9;\" class=\"wp-block-post-featured-image\"><a href=\"https:\/\/www.jornalja.com.br\/especiais\/um-clima-de-campanha-eleitoral-no-caos-maua\/\" target=\"_self\"  ><img decoding=\"async\" width=\"300\" height=\"200\" src=\"https:\/\/www.jornalja.com.br\/especiais\/wp-content\/uploads\/sites\/14\/2018\/03\/imagem179916-300x200.jpg\" class=\"attachment-medium size-medium wp-post-image\" alt=\"Clima de campanha eleitoral no \u2018Caos Mau\u00e1\u2019\" style=\"width:100%;height:100%;object-fit:cover;\" srcset=\"https:\/\/www.jornalja.com.br\/especiais\/wp-content\/uploads\/sites\/14\/2018\/03\/imagem179916-300x200.jpg 300w, https:\/\/www.jornalja.com.br\/especiais\/wp-content\/uploads\/sites\/14\/2018\/03\/imagem179916-scaled.jpg 1024w, https:\/\/www.jornalja.com.br\/especiais\/wp-content\/uploads\/sites\/14\/2018\/03\/imagem179916-768x512.jpg 768w\" sizes=\"(max-width: 300px) 100vw, 300px\" \/><\/a><\/figure>\n\n<h3 class=\"wp-block-post-title\"><a href=\"https:\/\/www.jornalja.com.br\/especiais\/um-clima-de-campanha-eleitoral-no-caos-maua\/\" target=\"_self\" >Clima de campanha eleitoral no \u2018Caos Mau\u00e1\u2019<\/a><\/h3>\n<\/li><li class=\"wp-block-post post-56235 post type-post status-publish format-standard has-post-thumbnail hentry category-cais-materia category-hotsite-cais\">\n<figure style=\"aspect-ratio:16\/9;\" class=\"wp-block-post-featured-image\"><a href=\"https:\/\/www.jornalja.com.br\/especiais\/ipe-tentou-repassar-cota-de-investimento-no-cais-maua\/\" target=\"_self\"  ><img decoding=\"async\" width=\"300\" height=\"201\" src=\"https:\/\/www.jornalja.com.br\/especiais\/wp-content\/uploads\/sites\/14\/2017\/10\/cais-maua-poa-300x201.jpg\" class=\"attachment-medium size-medium wp-post-image\" alt=\"IPE tentou repassar cota de investimento no Cais Mau\u00e1\" style=\"width:100%;height:100%;object-fit:cover;\" srcset=\"https:\/\/www.jornalja.com.br\/especiais\/wp-content\/uploads\/sites\/14\/2017\/10\/cais-maua-poa-300x201.jpg 300w, https:\/\/www.jornalja.com.br\/especiais\/wp-content\/uploads\/sites\/14\/2017\/10\/cais-maua-poa.jpg 725w\" sizes=\"(max-width: 300px) 100vw, 300px\" \/><\/a><\/figure>\n\n<h3 class=\"wp-block-post-title\"><a href=\"https:\/\/www.jornalja.com.br\/especiais\/ipe-tentou-repassar-cota-de-investimento-no-cais-maua\/\" target=\"_self\" >IPE tentou repassar cota de investimento no Cais Mau\u00e1<\/a><\/h3>\n<\/li><li class=\"wp-block-post post-48537 post type-post status-publish format-standard has-post-thumbnail hentry category-cais-materia category-hotsite-cais tag-imprensa\">\n<figure style=\"aspect-ratio:16\/9;\" class=\"wp-block-post-featured-image\"><a href=\"https:\/\/www.jornalja.com.br\/especiais\/cuthab-propoe-seminario-sobre-o-impacto-ambiental-do-projeto-para-o-cais-maua\/\" target=\"_self\"  ><img decoding=\"async\" width=\"300\" height=\"201\" src=\"https:\/\/www.jornalja.com.br\/especiais\/wp-content\/uploads\/sites\/14\/2015\/12\/cais-maua-poa-300x201.jpg\" class=\"attachment-medium size-medium wp-post-image\" alt=\"Cuthab prop\u00f5e semin\u00e1rio sobre o impacto ambiental do projeto para o Cais Mau\u00e1\" style=\"width:100%;height:100%;object-fit:cover;\" srcset=\"https:\/\/www.jornalja.com.br\/especiais\/wp-content\/uploads\/sites\/14\/2015\/12\/cais-maua-poa-300x201.jpg 300w, https:\/\/www.jornalja.com.br\/especiais\/wp-content\/uploads\/sites\/14\/2015\/12\/cais-maua-poa.jpg 725w\" sizes=\"(max-width: 300px) 100vw, 300px\" \/><\/a><\/figure>\n\n<h3 class=\"wp-block-post-title\"><a href=\"https:\/\/www.jornalja.com.br\/especiais\/cuthab-propoe-seminario-sobre-o-impacto-ambiental-do-projeto-para-o-cais-maua\/\" target=\"_self\" >Cuthab prop\u00f5e semin\u00e1rio sobre o impacto ambiental do projeto para o Cais Mau\u00e1<\/a><\/h3>\n<\/li><li class=\"wp-block-post post-41912 post type-post status-publish format-standard has-post-thumbnail hentry category-cais-materia category-hotsite-cais\">\n<figure style=\"aspect-ratio:16\/9;\" class=\"wp-block-post-featured-image\"><a href=\"https:\/\/www.jornalja.com.br\/especiais\/cais-maua-s-a-diz-que-tera-os-recursos-para-comecar-a-obra-em-janeiro\/\" target=\"_self\"  ><img decoding=\"async\" width=\"300\" height=\"169\" src=\"https:\/\/www.jornalja.com.br\/especiais\/wp-content\/uploads\/sites\/14\/2016\/12\/cais-mau-portico-sem-pessoas-final-300x169.jpg\" class=\"attachment-medium size-medium wp-post-image\" alt=\"Cais Mau\u00e1 S.A. diz que ter\u00e1 os recursos para come\u00e7ar a obra em janeiro\" style=\"width:100%;height:100%;object-fit:cover;\" srcset=\"https:\/\/www.jornalja.com.br\/especiais\/wp-content\/uploads\/sites\/14\/2016\/12\/cais-mau-portico-sem-pessoas-final-300x169.jpg 300w, https:\/\/www.jornalja.com.br\/especiais\/wp-content\/uploads\/sites\/14\/2016\/12\/cais-mau-portico-sem-pessoas-final.jpg 725w\" sizes=\"(max-width: 300px) 100vw, 300px\" \/><\/a><\/figure>\n\n<h3 class=\"wp-block-post-title\"><a href=\"https:\/\/www.jornalja.com.br\/especiais\/cais-maua-s-a-diz-que-tera-os-recursos-para-comecar-a-obra-em-janeiro\/\" target=\"_self\" >Cais Mau\u00e1 S.A. diz que ter\u00e1 os recursos para come\u00e7ar a obra em janeiro<\/a><\/h3>\n<\/li><li class=\"wp-block-post post-41698 post type-post status-publish format-standard has-post-thumbnail hentry category-cais-materia category-hotsite-cais\">\n<figure style=\"aspect-ratio:16\/9;\" class=\"wp-block-post-featured-image\"><a href=\"https:\/\/www.jornalja.com.br\/especiais\/postal-reconhece-problemas-no-cais-mas-indefere-suspensao-de-obras\/\" target=\"_self\"  ><img decoding=\"async\" width=\"300\" height=\"225\" src=\"https:\/\/www.jornalja.com.br\/especiais\/wp-content\/uploads\/sites\/14\/2016\/11\/img-2322-300x225.jpg\" class=\"attachment-medium size-medium wp-post-image\" alt=\"Postal reconhece problemas no Cais mas indefere suspens\u00e3o de obras\" style=\"width:100%;height:100%;object-fit:cover;\" srcset=\"https:\/\/www.jornalja.com.br\/especiais\/wp-content\/uploads\/sites\/14\/2016\/11\/img-2322-300x225.jpg 300w, https:\/\/www.jornalja.com.br\/especiais\/wp-content\/uploads\/sites\/14\/2016\/11\/img-2322.jpg 725w\" sizes=\"(max-width: 300px) 100vw, 300px\" \/><\/a><\/figure>\n\n<h3 class=\"wp-block-post-title\"><a href=\"https:\/\/www.jornalja.com.br\/especiais\/postal-reconhece-problemas-no-cais-mas-indefere-suspensao-de-obras\/\" target=\"_self\" >Postal reconhece problemas no Cais mas indefere suspens\u00e3o de obras<\/a><\/h3>\n<\/li><li class=\"wp-block-post post-41666 post type-post status-publish format-standard has-post-thumbnail hentry category-cais-materia category-hotsite-cais tag-imprensa\">\n<figure style=\"aspect-ratio:16\/9;\" class=\"wp-block-post-featured-image\"><a href=\"https:\/\/www.jornalja.com.br\/especiais\/tce-julga-nesta-quinta-pedido-de-suspensao-de-obras-no-cais-maua\/\" target=\"_self\"  ><img decoding=\"async\" width=\"300\" height=\"200\" src=\"https:\/\/www.jornalja.com.br\/especiais\/wp-content\/uploads\/sites\/14\/2016\/11\/28876279504-0587f4c77a-z-300x200.jpg\" class=\"attachment-medium size-medium wp-post-image\" alt=\"TCE julga nesta quinta pedido de suspens\u00e3o de obras no Cais Mau\u00e1\" style=\"width:100%;height:100%;object-fit:cover;\" srcset=\"https:\/\/www.jornalja.com.br\/especiais\/wp-content\/uploads\/sites\/14\/2016\/11\/28876279504-0587f4c77a-z-300x200.jpg 300w, https:\/\/www.jornalja.com.br\/especiais\/wp-content\/uploads\/sites\/14\/2016\/11\/28876279504-0587f4c77a-z.jpg 640w\" sizes=\"(max-width: 300px) 100vw, 300px\" \/><\/a><\/figure>\n\n<h3 class=\"wp-block-post-title\"><a href=\"https:\/\/www.jornalja.com.br\/especiais\/tce-julga-nesta-quinta-pedido-de-suspensao-de-obras-no-cais-maua\/\" target=\"_self\" >TCE julga nesta quinta pedido de suspens\u00e3o de obras no Cais Mau\u00e1<\/a><\/h3>\n<\/li><\/ul>\n\n<\/div>\n<\/div>\n","protected":false},"excerpt":{"rendered":"<p>Este especial cont\u00e9m uma s\u00e9rie de mat\u00e9rias publicadas entre mar\u00e7o de 2016 e abril de 2018. Em abril de 2019 foi iniciada uma nova s\u00e9rie de mat\u00e9rias num especial chamado Cais Mau\u00e1 Urgente (clique para acessar).<\/p>\n","protected":false},"author":4,"featured_media":79394,"parent":79319,"menu_order":2,"comment_status":"closed","ping_status":"closed","template":"p-gina-sem-foto","meta":{"footnotes":""},"class_list":["post-61660","page","type-page","status-publish","has-post-thumbnail","hentry"],"aioseo_notices":[],"jetpack_sharing_enabled":true,"_links":{"self":[{"href":"https:\/\/www.jornalja.com.br\/especiais\/wp-json\/wp\/v2\/pages\/61660","targetHints":{"allow":["GET"]}}],"collection":[{"href":"https:\/\/www.jornalja.com.br\/especiais\/wp-json\/wp\/v2\/pages"}],"about":[{"href":"https:\/\/www.jornalja.com.br\/especiais\/wp-json\/wp\/v2\/types\/page"}],"author":[{"embeddable":true,"href":"https:\/\/www.jornalja.com.br\/especiais\/wp-json\/wp\/v2\/users\/4"}],"replies":[{"embeddable":true,"href":"https:\/\/www.jornalja.com.br\/especiais\/wp-json\/wp\/v2\/comments?post=61660"}],"version-history":[{"count":9,"href":"https:\/\/www.jornalja.com.br\/especiais\/wp-json\/wp\/v2\/pages\/61660\/revisions"}],"predecessor-version":[{"id":79592,"href":"https:\/\/www.jornalja.com.br\/especiais\/wp-json\/wp\/v2\/pages\/61660\/revisions\/79592"}],"up":[{"embeddable":true,"href":"https:\/\/www.jornalja.com.br\/especiais\/wp-json\/wp\/v2\/pages\/79319"}],"wp:featuredmedia":[{"embeddable":true,"href":"https:\/\/www.jornalja.com.br\/especiais\/wp-json\/wp\/v2\/media\/79394"}],"wp:attachment":[{"href":"https:\/\/www.jornalja.com.br\/especiais\/wp-json\/wp\/v2\/media?parent=61660"}],"curies":[{"name":"wp","href":"https:\/\/api.w.org\/{rel}","templated":true}]}}