{"id":78767,"date":"2020-03-08T20:18:20","date_gmt":"2020-03-08T23:18:20","guid":{"rendered":"https:\/\/www.jornalja.com.br\/poetasdaduranoite\/?page_id=78767"},"modified":"2026-02-19T14:19:51","modified_gmt":"2026-02-19T17:19:51","slug":"poetasdaduranoite","status":"publish","type":"page","link":"https:\/\/www.jornalja.com.br\/especiais\/principal\/poetasdaduranoite\/","title":{"rendered":"Poetas da Dura Noite"},"content":{"rendered":"\n<figure class=\"wp-block-image alignleft size-medium\"><img decoding=\"async\" width=\"300\" height=\"296\" src=\"https:\/\/www.jornalja.com.br\/especiais\/wp-content\/uploads\/sites\/14\/2021\/12\/pdn-capalivro-otm-e1638411960162-300x296.jpg\" alt=\"\" class=\"wp-image-79382\" srcset=\"https:\/\/www.jornalja.com.br\/especiais\/wp-content\/uploads\/sites\/14\/2021\/12\/pdn-capalivro-otm-e1638411960162-300x296.jpg 300w, https:\/\/www.jornalja.com.br\/especiais\/wp-content\/uploads\/sites\/14\/2021\/12\/pdn-capalivro-otm-e1638411960162.jpg 564w\" sizes=\"(max-width: 300px) 100vw, 300px\" \/><\/figure>\n\n\n\n<p>O livro \u201cPoetas da Dura Noite\u201d descobre e resgata escritos po\u00e9ticos realizados sob condi\u00e7\u00e3o de opress\u00e3o, entre 1964 e 1985 no Rio Grande do Sul. C\u00e1rcere, ex\u00edlio, clandestinidade, vida secreta, desaparecimento for\u00e7ado, s\u00e3o algumas das situa\u00e7\u00f5es em que jovens mulheres e homens encontraram na poesia o apoio para superar per\u00edodos de desamparo e temor.<\/p>\n\n\n\n<p>A obra foi lan\u00e7ada na 65\u00aa&nbsp; Feira do Livro de Porto Alegre em novembro de 2019. Neste espa\u00e7o est\u00e1 publicado a integra do livro.<\/p>\n\n\n\n<div class=\"wp-block-group has-global-padding is-layout-constrained wp-block-group-is-layout-constrained\" style=\"margin-top:2rem;margin-bottom:2rem\">\n<div class=\"wp-block-query is-layout-flow wp-block-query-is-layout-flow\"><ul class=\"columns-3 wp-block-post-template is-layout-grid wp-container-core-post-template-is-layout-e102377b wp-block-post-template-is-layout-grid\"><li class=\"wp-block-post post-78308 post type-post status-publish format-standard hentry category-hotsite-poetas-da-dura-noite\">\n\n<div class=\"wp-block-group has-global-padding is-layout-constrained wp-block-group-is-layout-constrained\"><h3 style=\"padding-top:8px;\" class=\"wp-block-post-title\"><a href=\"https:\/\/www.jornalja.com.br\/especiais\/apresentacao\/\" target=\"_self\" >Apresenta\u00e7\u00e3o<\/a><\/h3><\/div>\n\n<\/li><li class=\"wp-block-post post-78098 post type-post status-publish format-standard hentry category-hotsite-poetas-da-dura-noite\">\n\n<div class=\"wp-block-group has-global-padding is-layout-constrained wp-block-group-is-layout-constrained\"><h3 style=\"padding-top:8px;\" class=\"wp-block-post-title\"><a href=\"https:\/\/www.jornalja.com.br\/especiais\/antonio-alberi-malfi\/\" target=\"_self\" >Ant\u00f4nio Alberi Malfi<\/a><\/h3><\/div>\n\n<\/li><li class=\"wp-block-post post-78100 post type-post status-publish format-standard hentry category-hotsite-poetas-da-dura-noite tag-sao-paulo\">\n\n<div class=\"wp-block-group has-global-padding is-layout-constrained wp-block-group-is-layout-constrained\"><h3 style=\"padding-top:8px;\" class=\"wp-block-post-title\"><a href=\"https:\/\/www.jornalja.com.br\/especiais\/antonio-pinheiro-salles\/\" target=\"_self\" >Antonio Pinheiro Salles<\/a><\/h3><\/div>\n\n<\/li><li class=\"wp-block-post post-78103 post type-post status-publish format-standard hentry category-hotsite-poetas-da-dura-noite\">\n\n<div class=\"wp-block-group has-global-padding is-layout-constrained wp-block-group-is-layout-constrained\"><h3 style=\"padding-top:8px;\" class=\"wp-block-post-title\"><a href=\"https:\/\/www.jornalja.com.br\/especiais\/athanasio-orth\/\" target=\"_self\" >Athan\u00e1sio Orth<\/a><\/h3><\/div>\n\n<\/li><li class=\"wp-block-post post-78107 post type-post status-publish format-standard hentry category-hotsite-poetas-da-dura-noite\">\n\n<div class=\"wp-block-group has-global-padding is-layout-constrained wp-block-group-is-layout-constrained\"><h3 style=\"padding-top:8px;\" class=\"wp-block-post-title\"><a href=\"https:\/\/www.jornalja.com.br\/especiais\/eloy-martins\/\" target=\"_self\" >Eloy Martins<\/a><\/h3><\/div>\n\n<\/li><li class=\"wp-block-post post-78112 post type-post status-publish format-standard hentry category-hotsite-poetas-da-dura-noite tag-sao-paulo\">\n\n<div class=\"wp-block-group has-global-padding is-layout-constrained wp-block-group-is-layout-constrained\"><h3 style=\"padding-top:8px;\" class=\"wp-block-post-title\"><a href=\"https:\/\/www.jornalja.com.br\/especiais\/emanuel-medeiros-vieira\/\" target=\"_self\" >Emanuel Medeiros Vieira<\/a><\/h3><\/div>\n\n<\/li><li class=\"wp-block-post post-78109 post type-post status-publish format-standard hentry category-hotsite-poetas-da-dura-noite\">\n\n<div class=\"wp-block-group has-global-padding is-layout-constrained wp-block-group-is-layout-constrained\"><h3 style=\"padding-top:8px;\" class=\"wp-block-post-title\"><a href=\"https:\/\/www.jornalja.com.br\/especiais\/flavio-koutzii\/\" target=\"_self\" >Fl\u00e1vio Koutzii<\/a><\/h3><\/div>\n\n<\/li><li class=\"wp-block-post post-78117 post type-post status-publish format-standard hentry category-hotsite-poetas-da-dura-noite\">\n\n<div class=\"wp-block-group has-global-padding is-layout-constrained wp-block-group-is-layout-constrained\"><h3 style=\"padding-top:8px;\" class=\"wp-block-post-title\"><a href=\"https:\/\/www.jornalja.com.br\/especiais\/glenio-perez\/\" target=\"_self\" >Gl\u00eanio Perez<\/a><\/h3><\/div>\n\n<\/li><li class=\"wp-block-post post-78549 post type-post status-publish format-standard hentry category-hotsite-poetas-da-dura-noite\">\n\n<div class=\"wp-block-group has-global-padding is-layout-constrained wp-block-group-is-layout-constrained\"><h3 style=\"padding-top:8px;\" class=\"wp-block-post-title\"><a href=\"https:\/\/www.jornalja.com.br\/especiais\/guilem-rodrigues-da-silva\/\" target=\"_self\" >Guilem Rodrigues da Silva<\/a><\/h3><\/div>\n\n<\/li><li class=\"wp-block-post post-78553 post type-post status-publish format-standard hentry category-hotsite-poetas-da-dura-noite\">\n\n<div class=\"wp-block-group has-global-padding is-layout-constrained wp-block-group-is-layout-constrained\"><h3 style=\"padding-top:8px;\" class=\"wp-block-post-title\"><a href=\"https:\/\/www.jornalja.com.br\/especiais\/guillermo-rallo\/\" target=\"_self\" >Guillermo Rallo<\/a><\/h3><\/div>\n\n<\/li><li class=\"wp-block-post post-78557 post type-post status-publish format-standard hentry category-hotsite-poetas-da-dura-noite\">\n\n<div class=\"wp-block-group has-global-padding is-layout-constrained wp-block-group-is-layout-constrained\"><h3 style=\"padding-top:8px;\" class=\"wp-block-post-title\"><a href=\"https:\/\/www.jornalja.com.br\/especiais\/jaime-walwitz-cardoso\/\" target=\"_self\" >Jaime Walwitz Cardoso<\/a><\/h3><\/div>\n\n<\/li><li class=\"wp-block-post post-78559 post type-post status-publish format-standard hentry category-hotsite-poetas-da-dura-noite\">\n\n<div class=\"wp-block-group has-global-padding is-layout-constrained wp-block-group-is-layout-constrained\"><h3 style=\"padding-top:8px;\" class=\"wp-block-post-title\"><a href=\"https:\/\/www.jornalja.com.br\/especiais\/jorge-fischer\/\" target=\"_self\" >Jorge Fischer<\/a><\/h3><\/div>\n\n<\/li><li class=\"wp-block-post post-78561 post type-post status-publish format-standard hentry category-hotsite-poetas-da-dura-noite\">\n\n<div class=\"wp-block-group has-global-padding is-layout-constrained wp-block-group-is-layout-constrained\"><h3 style=\"padding-top:8px;\" class=\"wp-block-post-title\"><a href=\"https:\/\/www.jornalja.com.br\/especiais\/jose-luiz-braga-mauricio\/\" target=\"_self\" >Jos\u00e9 Luiz Braga Mauricio<\/a><\/h3><\/div>\n\n<\/li><li class=\"wp-block-post post-78744 post type-post status-publish format-standard hentry category-hotsite-poetas-da-dura-noite tag-sao-paulo\">\n\n<div class=\"wp-block-group has-global-padding is-layout-constrained wp-block-group-is-layout-constrained\"><h3 style=\"padding-top:8px;\" class=\"wp-block-post-title\"><a href=\"https:\/\/www.jornalja.com.br\/especiais\/luiz-de-miranda\/\" target=\"_self\" >Luiz de Miranda<\/a><\/h3><\/div>\n\n<\/li><li class=\"wp-block-post post-78747 post type-post status-publish format-standard hentry category-hotsite-poetas-da-dura-noite tag-sao-paulo\">\n\n<div class=\"wp-block-group has-global-padding is-layout-constrained wp-block-group-is-layout-constrained\"><h3 style=\"padding-top:8px;\" class=\"wp-block-post-title\"><a href=\"https:\/\/www.jornalja.com.br\/especiais\/luiz-eurico-tejera-lisboa-ico\/\" target=\"_self\" >Luiz Eurico Tejera Lisboa (Ico)<\/a><\/h3><\/div>\n\n<\/li><li class=\"wp-block-post post-78750 post type-post status-publish format-standard hentry category-hotsite-poetas-da-dura-noite tag-sao-paulo\">\n\n<div class=\"wp-block-group has-global-padding is-layout-constrained wp-block-group-is-layout-constrained\"><h3 style=\"padding-top:8px;\" class=\"wp-block-post-title\"><a href=\"https:\/\/www.jornalja.com.br\/especiais\/nei-duclos\/\" target=\"_self\" >Nei Ducl\u00f3s<\/a><\/h3><\/div>\n\n<\/li><li class=\"wp-block-post post-78752 post type-post status-publish format-standard hentry category-hotsite-poetas-da-dura-noite tag-eua\">\n\n<div class=\"wp-block-group has-global-padding is-layout-constrained wp-block-group-is-layout-constrained\"><h3 style=\"padding-top:8px;\" class=\"wp-block-post-title\"><a href=\"https:\/\/www.jornalja.com.br\/especiais\/nilton-rosa-da-silva\/\" target=\"_self\" >Nilton Rosa da Silva<\/a><\/h3><\/div>\n\n<\/li><li class=\"wp-block-post post-78757 post type-post status-publish format-standard hentry category-hotsite-poetas-da-dura-noite\">\n\n<div class=\"wp-block-group has-global-padding is-layout-constrained wp-block-group-is-layout-constrained\"><h3 style=\"padding-top:8px;\" class=\"wp-block-post-title\"><a href=\"https:\/\/www.jornalja.com.br\/especiais\/reneu-geraldino-mertz\/\" target=\"_self\" >Reneu Geraldino Mertz<\/a><\/h3><\/div>\n\n<\/li><li class=\"wp-block-post post-78759 post type-post status-publish format-standard hentry category-hotsite-poetas-da-dura-noite\">\n\n<div class=\"wp-block-group has-global-padding is-layout-constrained wp-block-group-is-layout-constrained\"><h3 style=\"padding-top:8px;\" class=\"wp-block-post-title\"><a href=\"https:\/\/www.jornalja.com.br\/especiais\/rui-neves-da-rosa\/\" target=\"_self\" >Rui Neves da Rosa<\/a><\/h3><\/div>\n\n<\/li><li class=\"wp-block-post post-78762 post type-post status-publish format-standard hentry category-hotsite-poetas-da-dura-noite\">\n\n<div class=\"wp-block-group has-global-padding is-layout-constrained wp-block-group-is-layout-constrained\"><h3 style=\"padding-top:8px;\" class=\"wp-block-post-title\"><a href=\"https:\/\/www.jornalja.com.br\/especiais\/victor-douglas-nunez\/\" target=\"_self\" >Victor Douglas Nu\u00f1ez<\/a><\/h3><\/div>\n\n<\/li><li class=\"wp-block-post post-78765 post type-post status-publish format-standard hentry category-hotsite-poetas-da-dura-noite tag-sao-paulo\">\n\n<div class=\"wp-block-group has-global-padding is-layout-constrained wp-block-group-is-layout-constrained\"><h3 style=\"padding-top:8px;\" class=\"wp-block-post-title\"><a href=\"https:\/\/www.jornalja.com.br\/especiais\/apendice\/\" target=\"_self\" >Ap\u00eandice<\/a><\/h3><\/div>\n\n<\/li><\/ul>\n\n<\/div>\n<\/div>\n","protected":false},"excerpt":{"rendered":"<p>O livro \u201cPoetas da Dura Noite\u201d descobre e resgata escritos po\u00e9ticos realizados sob condi\u00e7\u00e3o de opress\u00e3o, entre 1964 e 1985 no Rio Grande do Sul. C\u00e1rcere, ex\u00edlio, clandestinidade, vida secreta, desaparecimento for\u00e7ado, s\u00e3o algumas das situa\u00e7\u00f5es em que jovens mulheres e homens encontraram na poesia o apoio para superar per\u00edodos de desamparo e temor. A [&hellip;]<\/p>\n","protected":false},"author":1,"featured_media":79382,"parent":5,"menu_order":97,"comment_status":"closed","ping_status":"closed","template":"p-gina-sem-foto","meta":{"footnotes":""},"class_list":["post-78767","page","type-page","status-publish","has-post-thumbnail","hentry"],"aioseo_notices":[],"jetpack_sharing_enabled":true,"_links":{"self":[{"href":"https:\/\/www.jornalja.com.br\/especiais\/wp-json\/wp\/v2\/pages\/78767","targetHints":{"allow":["GET"]}}],"collection":[{"href":"https:\/\/www.jornalja.com.br\/especiais\/wp-json\/wp\/v2\/pages"}],"about":[{"href":"https:\/\/www.jornalja.com.br\/especiais\/wp-json\/wp\/v2\/types\/page"}],"author":[{"embeddable":true,"href":"https:\/\/www.jornalja.com.br\/especiais\/wp-json\/wp\/v2\/users\/1"}],"replies":[{"embeddable":true,"href":"https:\/\/www.jornalja.com.br\/especiais\/wp-json\/wp\/v2\/comments?post=78767"}],"version-history":[{"count":6,"href":"https:\/\/www.jornalja.com.br\/especiais\/wp-json\/wp\/v2\/pages\/78767\/revisions"}],"predecessor-version":[{"id":79647,"href":"https:\/\/www.jornalja.com.br\/especiais\/wp-json\/wp\/v2\/pages\/78767\/revisions\/79647"}],"up":[{"embeddable":true,"href":"https:\/\/www.jornalja.com.br\/especiais\/wp-json\/wp\/v2\/pages\/5"}],"wp:featuredmedia":[{"embeddable":true,"href":"https:\/\/www.jornalja.com.br\/especiais\/wp-json\/wp\/v2\/media\/79382"}],"wp:attachment":[{"href":"https:\/\/www.jornalja.com.br\/especiais\/wp-json\/wp\/v2\/media?parent=78767"}],"curies":[{"name":"wp","href":"https:\/\/api.w.org\/{rel}","templated":true}]}}