{"id":81934,"date":"2020-03-07T18:29:00","date_gmt":"2020-03-07T21:29:00","guid":{"rendered":"https:\/\/www.jornalja.com.br\/geral\/?page_id=81934"},"modified":"2026-02-18T15:22:48","modified_gmt":"2026-02-18T18:22:48","slug":"home","status":"publish","type":"page","link":"https:\/\/www.jornalja.com.br\/geral\/","title":{"rendered":""},"content":{"rendered":"\n<div class=\"wp-block-columns is-layout-flex wp-container-core-columns-is-layout-28f84493 wp-block-columns-is-layout-flex\">\n<div class=\"wp-block-column is-layout-flow wp-block-column-is-layout-flow\" style=\"flex-basis:66.66%\">\n<div class=\"wp-block-query is-layout-flow wp-block-query-is-layout-flow\"><ul class=\"wp-block-post-template is-layout-flow wp-container-core-post-template-is-layout-4ce8daac wp-block-post-template-is-layout-flow\"><li class=\"wp-block-post post-101060 post type-post status-publish format-standard has-post-thumbnail hentry category-geral\">\n<div class=\"has-text-align-center wp-block-post-date\"><time datetime=\"2026-04-08T09:21:15-03:00\">8 de abril de 2026<\/time><\/div>\n\n<figure style=\"height:350px; margin-top:0.5rem;margin-bottom:0.5rem;\" class=\"wp-block-post-featured-image\"><a href=\"https:\/\/www.jornalja.com.br\/geral\/ambientalistas-ampliam-debate-sobre-os-impactos-de-uma-nova-fabrica-de-celulose-as-margens-do-guaiba\/\" target=\"_self\"  style=\"height:350px\"><img decoding=\"async\" width=\"450\" height=\"300\" src=\"https:\/\/www.jornalja.com.br\/geral\/wp-content\/uploads\/sites\/4\/2026\/04\/20260407-0004-plenaria-cmpc-camara-poa-ramiro-sanchez-oaf1939-450x300.jpg\" class=\"attachment-medium size-medium wp-post-image\" alt=\"Ambientalistas ampliam debate sobre os impactos de uma nova f\u00e1brica de celulose \u00e0s margens do Gua\u00edba\" style=\"height:350px;object-fit:contain;\" srcset=\"https:\/\/www.jornalja.com.br\/geral\/wp-content\/uploads\/sites\/4\/2026\/04\/20260407-0004-plenaria-cmpc-camara-poa-ramiro-sanchez-oaf1939-450x300.jpg 450w, https:\/\/www.jornalja.com.br\/geral\/wp-content\/uploads\/sites\/4\/2026\/04\/20260407-0004-plenaria-cmpc-camara-poa-ramiro-sanchez-oaf1939-900x600.jpg 900w, https:\/\/www.jornalja.com.br\/geral\/wp-content\/uploads\/sites\/4\/2026\/04\/20260407-0004-plenaria-cmpc-camara-poa-ramiro-sanchez-oaf1939-768x512.jpg 768w, https:\/\/www.jornalja.com.br\/geral\/wp-content\/uploads\/sites\/4\/2026\/04\/20260407-0004-plenaria-cmpc-camara-poa-ramiro-sanchez-oaf1939.jpg 1100w\" sizes=\"(max-width: 450px) 100vw, 450px\" data-attachment-id=\"101062\" data-permalink=\"https:\/\/www.jornalja.com.br\/geral\/por-ramiro-sanchez-outroangulofoto-201\/\" data-orig-file=\"https:\/\/www.jornalja.com.br\/geral\/wp-content\/uploads\/sites\/4\/2026\/04\/20260407-0004-plenaria-cmpc-camara-poa-ramiro-sanchez-oaf1939.jpg\" data-orig-size=\"1100,733\" data-comments-opened=\"0\" data-image-meta=\"{&quot;aperture&quot;:&quot;4&quot;,&quot;credit&quot;:&quot;Ramiro Sanchez\/@outroangulofoto&quot;,&quot;camera&quot;:&quot;NIKON Z 50&quot;,&quot;caption&quot;:&quot;&quot;,&quot;created_timestamp&quot;:&quot;1775601930&quot;,&quot;copyright&quot;:&quot;Ramiro Sanchez&quot;,&quot;focal_length&quot;:&quot;27&quot;,&quot;iso&quot;:&quot;6400&quot;,&quot;shutter_speed&quot;:&quot;0.0025&quot;,&quot;title&quot;:&quot;Por Ramiro Sanchez\/@outroangulofoto&quot;,&quot;orientation&quot;:&quot;0&quot;}\" data-image-title=\"Por Ramiro Sanchez\/@outroangulofoto\" data-image-description=\"\" data-image-caption=\"&lt;p&gt;Cerca de 60 pessoas acompanharam debate sobre amplia\u00e7\u00e3o da f\u00e1brica de celulose. Foto Ramiro Sanchez\/J\u00c1&lt;\/p&gt;\n\" data-large-file=\"https:\/\/www.jornalja.com.br\/geral\/wp-content\/uploads\/sites\/4\/2026\/04\/20260407-0004-plenaria-cmpc-camara-poa-ramiro-sanchez-oaf1939-900x600.jpg\" \/><\/a><\/figure>\n\n<h2 class=\"has-text-align-center wp-block-post-title\"><a href=\"https:\/\/www.jornalja.com.br\/geral\/ambientalistas-ampliam-debate-sobre-os-impactos-de-uma-nova-fabrica-de-celulose-as-margens-do-guaiba\/\" target=\"_self\" >Ambientalistas ampliam debate sobre os impactos de uma nova f\u00e1brica de celulose \u00e0s margens do Gua\u00edba<\/a><\/h2>\n<\/li><li class=\"wp-block-post post-101058 post type-post status-publish format-standard has-post-thumbnail hentry category-geral\">\n<div class=\"has-text-align-center wp-block-post-date\"><time datetime=\"2026-04-08T08:27:10-03:00\">8 de abril de 2026<\/time><\/div>\n\n<figure style=\"height:350px; margin-top:0.5rem;margin-bottom:0.5rem;\" class=\"wp-block-post-featured-image\"><a href=\"https:\/\/www.jornalja.com.br\/geral\/jornalista-batista-filho-palestra-em-ato-pelos-62-anos-do-golpe-militar\/\" target=\"_self\"  style=\"height:350px\"><img decoding=\"async\" width=\"450\" height=\"226\" src=\"https:\/\/www.jornalja.com.br\/geral\/wp-content\/uploads\/sites\/4\/2026\/04\/sem-titulo-1-450x226.jpg\" class=\"attachment-medium size-medium wp-post-image\" alt=\"Jornalista Batista Filho palestra em ato pelos 62 anos do Golpe Militar\" style=\"height:350px;object-fit:contain;\" srcset=\"https:\/\/www.jornalja.com.br\/geral\/wp-content\/uploads\/sites\/4\/2026\/04\/sem-titulo-1-450x226.jpg 450w, https:\/\/www.jornalja.com.br\/geral\/wp-content\/uploads\/sites\/4\/2026\/04\/sem-titulo-1-900x452.jpg 900w, https:\/\/www.jornalja.com.br\/geral\/wp-content\/uploads\/sites\/4\/2026\/04\/sem-titulo-1-768x385.jpg 768w, https:\/\/www.jornalja.com.br\/geral\/wp-content\/uploads\/sites\/4\/2026\/04\/sem-titulo-1.jpg 1331w\" sizes=\"(max-width: 450px) 100vw, 450px\" data-attachment-id=\"101068\" data-permalink=\"https:\/\/www.jornalja.com.br\/geral\/sem-titulo-4\/\" data-orig-file=\"https:\/\/www.jornalja.com.br\/geral\/wp-content\/uploads\/sites\/4\/2026\/04\/sem-titulo-1.jpg\" data-orig-size=\"1331,668\" data-comments-opened=\"0\" data-image-meta=\"{&quot;aperture&quot;:&quot;0&quot;,&quot;credit&quot;:&quot;&quot;,&quot;camera&quot;:&quot;&quot;,&quot;caption&quot;:&quot;&quot;,&quot;created_timestamp&quot;:&quot;0&quot;,&quot;copyright&quot;:&quot;&quot;,&quot;focal_length&quot;:&quot;0&quot;,&quot;iso&quot;:&quot;0&quot;,&quot;shutter_speed&quot;:&quot;0&quot;,&quot;title&quot;:&quot;&quot;,&quot;orientation&quot;:&quot;0&quot;}\" data-image-title=\"Sem t\u00edtulo\" data-image-description=\"\" data-image-caption=\"\" data-large-file=\"https:\/\/www.jornalja.com.br\/geral\/wp-content\/uploads\/sites\/4\/2026\/04\/sem-titulo-1-900x452.jpg\" \/><\/a><\/figure>\n\n<h2 class=\"has-text-align-center wp-block-post-title\"><a href=\"https:\/\/www.jornalja.com.br\/geral\/jornalista-batista-filho-palestra-em-ato-pelos-62-anos-do-golpe-militar\/\" target=\"_self\" >Jornalista Batista Filho palestra em ato pelos 62 anos do Golpe Militar<\/a><\/h2>\n<\/li><\/ul><\/div>\n<\/div>\n\n\n\n<div class=\"wp-block-column is-layout-flow wp-block-column-is-layout-flow\" style=\"flex-basis:33.33%\">\n<div class=\"wp-block-query is-layout-flow wp-block-query-is-layout-flow\"><ul class=\"columns-1 wp-block-post-template is-layout-grid wp-container-core-post-template-is-layout-8b2b830d wp-block-post-template-is-layout-grid\"><li class=\"wp-block-post post-101048 post type-post status-publish format-standard has-post-thumbnail hentry category-geral\">\n<div class=\"has-text-align-center wp-block-post-date\"><time datetime=\"2026-04-07T14:59:50-03:00\">7 de abril de 2026<\/time><\/div>\n\n<figure style=\"margin-top:0.5rem;margin-bottom:0.5rem;\" class=\"wp-block-post-featured-image\"><a href=\"https:\/\/www.jornalja.com.br\/geral\/governo-gaucho-abre-consulta-publica-para-ppp-de-ampliacao-do-centro-administrativo-fernando-ferrari\/\" target=\"_self\"  ><img decoding=\"async\" width=\"450\" height=\"253\" src=\"https:\/\/www.jornalja.com.br\/geral\/wp-content\/uploads\/sites\/4\/2026\/04\/07103328-3175-gdo-450x253.jpg\" class=\"attachment-medium size-medium wp-post-image\" alt=\"Governo ga\u00facho abre consulta p\u00fablica para PPP de amplia\u00e7\u00e3o do Centro Administrativo Fernando Ferrari\" style=\"object-fit:contain;\" srcset=\"https:\/\/www.jornalja.com.br\/geral\/wp-content\/uploads\/sites\/4\/2026\/04\/07103328-3175-gdo-450x253.jpg 450w, https:\/\/www.jornalja.com.br\/geral\/wp-content\/uploads\/sites\/4\/2026\/04\/07103328-3175-gdo-900x506.jpg 900w, https:\/\/www.jornalja.com.br\/geral\/wp-content\/uploads\/sites\/4\/2026\/04\/07103328-3175-gdo-768x432.jpg 768w, https:\/\/www.jornalja.com.br\/geral\/wp-content\/uploads\/sites\/4\/2026\/04\/07103328-3175-gdo.jpg 945w\" sizes=\"(max-width: 450px) 100vw, 450px\" data-attachment-id=\"101050\" data-permalink=\"https:\/\/www.jornalja.com.br\/geral\/governo-gaucho-abre-consulta-publica-para-ppp-de-ampliacao-do-centro-administrativo-fernando-ferrari\/07103328_3175_gdo\/\" data-orig-file=\"https:\/\/www.jornalja.com.br\/geral\/wp-content\/uploads\/sites\/4\/2026\/04\/07103328-3175-gdo.jpg\" data-orig-size=\"945,531\" data-comments-opened=\"0\" data-image-meta=\"{&quot;aperture&quot;:&quot;0&quot;,&quot;credit&quot;:&quot;&quot;,&quot;camera&quot;:&quot;&quot;,&quot;caption&quot;:&quot;&quot;,&quot;created_timestamp&quot;:&quot;0&quot;,&quot;copyright&quot;:&quot;&quot;,&quot;focal_length&quot;:&quot;0&quot;,&quot;iso&quot;:&quot;0&quot;,&quot;shutter_speed&quot;:&quot;0&quot;,&quot;title&quot;:&quot;&quot;,&quot;orientation&quot;:&quot;0&quot;}\" data-image-title=\"07103328_3175_GDO\" data-image-description=\"\" data-image-caption=\"&lt;p&gt;Proje\u00e7\u00e3o mostra como ficar\u00e1 o Centro Administrativo. Pr\u00e9dio principal deve ganhar mais nove andares. Divulga\u00e7\u00e3o\/GovernoRS&lt;\/p&gt;\n\" data-large-file=\"https:\/\/www.jornalja.com.br\/geral\/wp-content\/uploads\/sites\/4\/2026\/04\/07103328-3175-gdo-900x506.jpg\" \/><\/a><\/figure>\n\n<h3 class=\"has-text-align-center wp-block-post-title\"><a href=\"https:\/\/www.jornalja.com.br\/geral\/governo-gaucho-abre-consulta-publica-para-ppp-de-ampliacao-do-centro-administrativo-fernando-ferrari\/\" target=\"_self\" >Governo ga\u00facho abre consulta p\u00fablica para PPP de amplia\u00e7\u00e3o do Centro Administrativo Fernando Ferrari<\/a><\/h3>\n<\/li><li class=\"wp-block-post post-100988 post type-post status-publish format-standard has-post-thumbnail hentry category-geral\">\n<div class=\"has-text-align-center wp-block-post-date\"><time datetime=\"2026-04-06T05:49:08-03:00\">6 de abril de 2026<\/time><\/div>\n\n<figure style=\"margin-top:0.5rem;margin-bottom:0.5rem;\" class=\"wp-block-post-featured-image\"><a href=\"https:\/\/www.jornalja.com.br\/geral\/terreno-a-venda-no-alto-do-viaduto-otavio-rocha-tem-projeto-para-predio-de-seis-andares\/\" target=\"_self\"  ><img decoding=\"async\" width=\"450\" height=\"270\" src=\"https:\/\/www.jornalja.com.br\/geral\/wp-content\/uploads\/sites\/4\/2026\/04\/terreno-2-450x270.png\" class=\"attachment-medium size-medium wp-post-image\" alt=\"Terreno \u00e0 venda no alto do viaduto Ot\u00e1vio Rocha tem projeto para pr\u00e9dio de seis andares\" style=\"object-fit:contain;\" srcset=\"https:\/\/www.jornalja.com.br\/geral\/wp-content\/uploads\/sites\/4\/2026\/04\/terreno-2-450x270.png 450w, https:\/\/www.jornalja.com.br\/geral\/wp-content\/uploads\/sites\/4\/2026\/04\/terreno-2-768x461.png 768w, https:\/\/www.jornalja.com.br\/geral\/wp-content\/uploads\/sites\/4\/2026\/04\/terreno-2.png 853w\" sizes=\"(max-width: 450px) 100vw, 450px\" data-attachment-id=\"101030\" data-permalink=\"https:\/\/www.jornalja.com.br\/geral\/terreno-2\/\" data-orig-file=\"https:\/\/www.jornalja.com.br\/geral\/wp-content\/uploads\/sites\/4\/2026\/04\/terreno-2.png\" data-orig-size=\"853,512\" data-comments-opened=\"0\" data-image-meta=\"{&quot;aperture&quot;:&quot;0&quot;,&quot;credit&quot;:&quot;&quot;,&quot;camera&quot;:&quot;&quot;,&quot;caption&quot;:&quot;&quot;,&quot;created_timestamp&quot;:&quot;0&quot;,&quot;copyright&quot;:&quot;&quot;,&quot;focal_length&quot;:&quot;0&quot;,&quot;iso&quot;:&quot;0&quot;,&quot;shutter_speed&quot;:&quot;0&quot;,&quot;title&quot;:&quot;&quot;,&quot;orientation&quot;:&quot;0&quot;}\" data-image-title=\"terreno 2\" data-image-description=\"\" data-image-caption=\"&lt;p&gt;Valor estimado do terreno \u00e9 de R$ 600 mil, diz o propriet\u00e1rio. &lt;\/p&gt;\n\" data-large-file=\"https:\/\/www.jornalja.com.br\/geral\/wp-content\/uploads\/sites\/4\/2026\/04\/terreno-2.png\" \/><\/a><\/figure>\n\n<h3 class=\"has-text-align-center wp-block-post-title\"><a href=\"https:\/\/www.jornalja.com.br\/geral\/terreno-a-venda-no-alto-do-viaduto-otavio-rocha-tem-projeto-para-predio-de-seis-andares\/\" target=\"_self\" >Terreno \u00e0 venda no alto do viaduto Ot\u00e1vio Rocha tem projeto para pr\u00e9dio de seis andares<\/a><\/h3>\n<\/li><li class=\"wp-block-post post-101014 post type-post status-publish format-standard has-post-thumbnail hentry category-manchete-do-site\">\n<div class=\"has-text-align-center wp-block-post-date\"><time datetime=\"2026-04-05T14:40:34-03:00\">5 de abril de 2026<\/time><\/div>\n\n<figure style=\"margin-top:0.5rem;margin-bottom:0.5rem;\" class=\"wp-block-post-featured-image\"><a href=\"https:\/\/www.jornalja.com.br\/geral\/porto-alegre-avanca-na-votacao-do-plano-diretor-sob-criticas-de-fatiamento-e-riscos-climaticos\/\" target=\"_self\"  ><img decoding=\"async\" width=\"450\" height=\"300\" src=\"https:\/\/www.jornalja.com.br\/geral\/wp-content\/uploads\/sites\/4\/2026\/04\/ede-5907-foto-ederson-nunescmpa-450x300.jpg\" class=\"attachment-medium size-medium wp-post-image\" alt=\"Porto Alegre avan\u00e7a na vota\u00e7\u00e3o do Plano Diretor sob cr\u00edticas de \u201cfatiamento\u201d e riscos clim\u00e1ticos\" style=\"object-fit:contain;\" srcset=\"https:\/\/www.jornalja.com.br\/geral\/wp-content\/uploads\/sites\/4\/2026\/04\/ede-5907-foto-ederson-nunescmpa-450x300.jpg 450w, https:\/\/www.jornalja.com.br\/geral\/wp-content\/uploads\/sites\/4\/2026\/04\/ede-5907-foto-ederson-nunescmpa-900x600.jpg 900w, https:\/\/www.jornalja.com.br\/geral\/wp-content\/uploads\/sites\/4\/2026\/04\/ede-5907-foto-ederson-nunescmpa-768x512.jpg 768w, https:\/\/www.jornalja.com.br\/geral\/wp-content\/uploads\/sites\/4\/2026\/04\/ede-5907-foto-ederson-nunescmpa-1536x1024.jpg 1536w, https:\/\/www.jornalja.com.br\/geral\/wp-content\/uploads\/sites\/4\/2026\/04\/ede-5907-foto-ederson-nunescmpa-2048x1365.jpg 2048w\" sizes=\"(max-width: 450px) 100vw, 450px\" data-attachment-id=\"101012\" data-permalink=\"https:\/\/www.jornalja.com.br\/geral\/banco-de-imagens-4\/\" data-orig-file=\"https:\/\/www.jornalja.com.br\/geral\/wp-content\/uploads\/sites\/4\/2026\/04\/ede-5907-foto-ederson-nunescmpa.jpg\" data-orig-size=\"2126,1417\" data-comments-opened=\"0\" data-image-meta=\"{&quot;aperture&quot;:&quot;4.5&quot;,&quot;credit&quot;:&quot;Ederson Nunes\/CMPA&quot;,&quot;camera&quot;:&quot;NIKON Z 9&quot;,&quot;caption&quot;:&quot;Porto Alegre vista. Cidade. Urbano. Pr\\u00e9dios. Edif\\u00edcios. Constru\\u00e7\\u00f5es. IPTU.&quot;,&quot;created_timestamp&quot;:&quot;1745960659&quot;,&quot;copyright&quot;:&quot;Ederson Nunes\/CMPA - Uso p\\u00fablico, resguardado o cr\\u00e9dito obrigat\\u00f3rio&quot;,&quot;focal_length&quot;:&quot;46&quot;,&quot;iso&quot;:&quot;1250&quot;,&quot;shutter_speed&quot;:&quot;0.016666666666667&quot;,&quot;title&quot;:&quot;Banco de Imagens&quot;,&quot;orientation&quot;:&quot;0&quot;}\" data-image-title=\"Banco de Imagens\" data-image-description=\"\" data-image-caption=\"&lt;p&gt;C\u00e2mara pode votar texto final ainda em abril; proposta amplia altura de pr\u00e9dios e divide especialistas. Foto Ederson Nunes\/CMPA&lt;\/p&gt;\n\" data-large-file=\"https:\/\/www.jornalja.com.br\/geral\/wp-content\/uploads\/sites\/4\/2026\/04\/ede-5907-foto-ederson-nunescmpa-900x600.jpg\" \/><\/a><\/figure>\n\n<h3 class=\"has-text-align-center wp-block-post-title\"><a href=\"https:\/\/www.jornalja.com.br\/geral\/porto-alegre-avanca-na-votacao-do-plano-diretor-sob-criticas-de-fatiamento-e-riscos-climaticos\/\" target=\"_self\" >Porto Alegre avan\u00e7a na vota\u00e7\u00e3o do Plano Diretor sob cr\u00edticas de \u201cfatiamento\u201d e riscos clim\u00e1ticos<\/a><\/h3>\n<\/li><\/ul><\/div>\n<\/div>\n<\/div>\n\n\n\n<div class=\"wp-block-query is-layout-flow wp-block-query-is-layout-flow\"><ul class=\"columns-4 wp-block-post-template is-layout-grid wp-container-core-post-template-is-layout-95449b32 wp-block-post-template-is-layout-grid\"><li class=\"wp-block-post post-101001 post type-post status-publish format-standard has-post-thumbnail hentry category-geral\">\n<div class=\"has-text-align-center wp-block-post-date\"><time datetime=\"2026-04-01T18:42:40-03:00\">1 de abril de 2026<\/time><\/div>\n\n<h4 class=\"has-text-align-center wp-block-post-title\"><a href=\"https:\/\/www.jornalja.com.br\/geral\/justica-suspende-obras-de-espigao-na-rua-goncalo-de-carvalho\/\" target=\"_self\" >Justi\u00e7a suspende obras de espig\u00e3o na Rua Gon\u00e7alo de Carvalho<\/a><\/h4>\n<\/li><li class=\"wp-block-post post-100975 post type-post status-publish format-standard has-post-thumbnail hentry category-geral\">\n<div class=\"has-text-align-center wp-block-post-date\"><time datetime=\"2026-03-31T00:29:06-03:00\">31 de mar\u00e7o de 2026<\/time><\/div>\n\n<h4 class=\"has-text-align-center wp-block-post-title\"><a href=\"https:\/\/www.jornalja.com.br\/geral\/extinto-o-processo-que-pedia-falencia-do-jornal-ja\/\" target=\"_self\" >Extinto o processo que pedia fal\u00eancia do Jornal J\u00c1<\/a><\/h4>\n<\/li><li class=\"wp-block-post post-100981 post type-post status-publish format-standard has-post-thumbnail hentry category-geral\">\n<div class=\"has-text-align-center wp-block-post-date\"><time datetime=\"2026-03-31T00:27:28-03:00\">31 de mar\u00e7o de 2026<\/time><\/div>\n\n<h4 class=\"has-text-align-center wp-block-post-title\"><a href=\"https:\/\/www.jornalja.com.br\/geral\/carta-de-porto-alegre-propoe-frente-global-em-defesa-da-democracia\/\" target=\"_self\" >&#8220;Carta de Porto Alegre&#8221; prop\u00f5e frente global em defesa da democracia<\/a><\/h4>\n<\/li><li class=\"wp-block-post post-100965 post type-post status-publish format-standard has-post-thumbnail hentry category-geral\">\n<div class=\"has-text-align-center wp-block-post-date\"><time datetime=\"2026-03-30T14:50:36-03:00\">30 de mar\u00e7o de 2026<\/time><\/div>\n\n<h4 class=\"has-text-align-center wp-block-post-title\"><a href=\"https:\/\/www.jornalja.com.br\/geral\/debate-o-novo-plano-diretor-respeita-o-direito-a-cidade\/\" target=\"_self\" >Debate: &#8220;O Novo Plano Diretor Respeita o Direito \u00e0 Cidade?&#8221;<\/a><\/h4>\n<\/li><li class=\"wp-block-post post-100955 post type-post status-publish format-standard has-post-thumbnail hentry category-geral category-manchete-do-site\">\n<div class=\"has-text-align-center wp-block-post-date\"><time datetime=\"2026-03-25T11:01:38-03:00\">25 de mar\u00e7o de 2026<\/time><\/div>\n\n<h4 class=\"has-text-align-center wp-block-post-title\"><a href=\"https:\/\/www.jornalja.com.br\/geral\/pedro-ruas-denuncia-isencoes-abusivas-de-iptu-para-grandes-construtoras\/\" target=\"_self\" >Pedro Ruas denuncia &#8220;isen\u00e7\u00f5es abusivas&#8221; de IPTU para grandes construtoras<\/a><\/h4>\n<\/li><li class=\"wp-block-post post-100947 post type-post status-publish format-standard has-post-thumbnail hentry category-geral\">\n<div class=\"has-text-align-center wp-block-post-date\"><time datetime=\"2026-03-17T16:37:36-03:00\">17 de mar\u00e7o de 2026<\/time><\/div>\n\n<h4 class=\"has-text-align-center wp-block-post-title\"><a href=\"https:\/\/www.jornalja.com.br\/geral\/juiz-gaucho-analisa-em-livro-limites-entre-conviccao-politica-e-violacao-de-direitos\/\" target=\"_self\" >Juiz ga\u00facho analisa em livro limites entre convic\u00e7\u00e3o pol\u00edtica e viola\u00e7\u00e3o de direitos<\/a><\/h4>\n<\/li><li class=\"wp-block-post post-100941 post type-post status-publish format-standard has-post-thumbnail hentry category-geral\">\n<div class=\"has-text-align-center wp-block-post-date\"><time datetime=\"2026-03-12T19:04:44-03:00\">12 de mar\u00e7o de 2026<\/time><\/div>\n\n<h4 class=\"has-text-align-center wp-block-post-title\"><a href=\"https:\/\/www.jornalja.com.br\/geral\/concessao-do-cais-maua-trava-de-novo\/\" target=\"_self\" >Concess\u00e3o do Cais Mau\u00e1 trava, de novo<\/a><\/h4>\n<\/li><li class=\"wp-block-post post-100933 post type-post status-publish format-standard has-post-thumbnail hentry category-geral category-manchete-do-site\">\n<div class=\"has-text-align-center wp-block-post-date\"><time datetime=\"2026-03-07T21:27:00-03:00\">7 de mar\u00e7o de 2026<\/time><\/div>\n\n<h4 class=\"has-text-align-center wp-block-post-title\"><a href=\"https:\/\/www.jornalja.com.br\/geral\/atrasadas-e-mais-caras-obras-no-centro-historico-chegam-ao-fim\/\" target=\"_self\" >Atrasadas e mais caras, obras no Centro Hist\u00f3rico chegam ao fim<\/a><\/h4>\n<\/li><li class=\"wp-block-post post-100914 post type-post status-publish format-standard has-post-thumbnail hentry category-geral category-manchete-do-site\">\n<div class=\"has-text-align-center wp-block-post-date\"><time datetime=\"2026-03-04T21:56:35-03:00\">4 de mar\u00e7o de 2026<\/time><\/div>\n\n<h4 class=\"has-text-align-center wp-block-post-title\"><a href=\"https:\/\/www.jornalja.com.br\/geral\/heranca-de-brizola-sempre-foi-causa-de-conflitos\/\" target=\"_self\" >\u201cHeran\u00e7a de Brizola sempre foi causa de conflitos\u201d<\/a><\/h4>\n<\/li><li class=\"wp-block-post post-100908 post type-post status-publish format-standard has-post-thumbnail hentry category-geral category-manchete-do-site\">\n<div class=\"has-text-align-center wp-block-post-date\"><time datetime=\"2026-03-03T17:48:45-03:00\">3 de mar\u00e7o de 2026<\/time><\/div>\n\n<h4 class=\"has-text-align-center wp-block-post-title\"><a href=\"https:\/\/www.jornalja.com.br\/geral\/com-pressao-de-cpi-e-auditoria-do-tce-governo-leite-adia-leilao-para-concessao-de-rodovias\/\" target=\"_self\" >Com press\u00e3o de CPI e auditoria do TCE, governo Leite adia leil\u00e3o para concess\u00e3o de rodovias<\/a><\/h4>\n<\/li><li class=\"wp-block-post post-100898 post type-post status-publish format-standard has-post-thumbnail hentry category-geral\">\n<div class=\"has-text-align-center wp-block-post-date\"><time datetime=\"2026-03-01T00:54:25-03:00\">1 de mar\u00e7o de 2026<\/time><\/div>\n\n<h4 class=\"has-text-align-center wp-block-post-title\"><a href=\"https:\/\/www.jornalja.com.br\/geral\/porto-alegre-grupo-de-santa-catarina-arremata-por-r-10-mil-o-que-resta-do-porto\/\" target=\"_self\" >Porto Alegre: grupo de Santa Catarina arremata por R$ 10 mil o que resta do porto<\/a><\/h4>\n<\/li><li class=\"wp-block-post post-100886 post type-post status-publish format-standard has-post-thumbnail hentry category-geral category-manchete-do-site\">\n<div class=\"has-text-align-center wp-block-post-date\"><time datetime=\"2026-02-28T16:46:28-03:00\">28 de fevereiro de 2026<\/time><\/div>\n\n<h4 class=\"has-text-align-center wp-block-post-title\"><a href=\"https:\/\/www.jornalja.com.br\/geral\/moradores-e-ambientalistas-protestam-contra-espigao-na-goncalo-de-carvalho\/\" target=\"_self\" >Moradores e ambientalistas protestam contra espig\u00e3o na Gon\u00e7alo de Carvalho<\/a><\/h4>\n<\/li><li class=\"wp-block-post post-100843 post type-post status-publish format-standard has-post-thumbnail hentry category-geral\">\n<div class=\"has-text-align-center wp-block-post-date\"><time datetime=\"2026-02-19T20:13:00-03:00\">19 de fevereiro de 2026<\/time><\/div>\n\n<h4 class=\"has-text-align-center wp-block-post-title\"><a href=\"https:\/\/www.jornalja.com.br\/geral\/policia-civil-indicia-34-pessoas-por-suspeitas-de-fraudes-milionarias-na-educacao-em-porto-alegre\/\" target=\"_self\" >Pol\u00edcia Civil indicia 34 pessoas por suspeitas de fraudes milion\u00e1rias na Educa\u00e7\u00e3o em Porto Alegre<\/a><\/h4>\n<\/li><li class=\"wp-block-post post-100773 post type-post status-publish format-standard has-post-thumbnail hentry category-geral category-manchete-do-site\">\n<div class=\"has-text-align-center wp-block-post-date\"><time datetime=\"2026-02-18T15:24:40-03:00\">18 de fevereiro de 2026<\/time><\/div>\n\n<h4 class=\"has-text-align-center wp-block-post-title\"><a href=\"https:\/\/www.jornalja.com.br\/geral\/cais-maua-dois-anos-depois-da-concessao-e-incerto-futuro-do-projeto\/\" target=\"_self\" >Cais Mau\u00e1: dois anos depois da concess\u00e3o, \u00e9 incerto futuro do projeto<\/a><\/h4>\n<\/li><li class=\"wp-block-post post-100744 post type-post status-publish format-standard has-post-thumbnail hentry category-geral category-manchete-do-site\">\n<div class=\"has-text-align-center wp-block-post-date\"><time datetime=\"2026-02-16T19:18:12-03:00\">16 de fevereiro de 2026<\/time><\/div>\n\n<h4 class=\"has-text-align-center wp-block-post-title\"><a href=\"https:\/\/www.jornalja.com.br\/geral\/afastamento-de-dias-toffoli-do-caso-master-sela-a-mais-grave-crise-do-judiciario-desde-o-imperio\/\" target=\"_self\" >Afastamento de Dias Toffoli do caso Master sela a mais grave crise do judici\u00e1rio desde o Imp\u00e9rio<\/a><\/h4>\n<\/li><li class=\"wp-block-post post-100738 post type-post status-publish format-standard has-post-thumbnail hentry category-geral category-manchete-do-site\">\n<div class=\"has-text-align-center wp-block-post-date\"><time datetime=\"2026-02-12T06:26:50-03:00\">12 de fevereiro de 2026<\/time><\/div>\n\n<h4 class=\"has-text-align-center wp-block-post-title\"><a href=\"https:\/\/www.jornalja.com.br\/geral\/dinheiro-pela-janela-investigacao-sobre-fraudes-do-banco-master-chega-a-balneario-camboriu\/\" target=\"_self\" >Dinheiro pela janela: investiga\u00e7\u00e3o sobre fraudes do Banco Master chega a Balne\u00e1rio Cambori\u00fa<\/a><\/h4>\n<\/li><\/ul><\/div>\n","protected":false},"excerpt":{"rendered":"","protected":false},"author":1,"featured_media":0,"parent":0,"menu_order":0,"comment_status":"closed","ping_status":"closed","template":"","meta":{"jetpack_post_was_ever_published":false,"footnotes":""},"class_list":["post-81934","page","type-page","status-publish","hentry"],"aioseo_notices":[],"jetpack_shortlink":"https:\/\/wp.me\/PbKhrD-ljw","jetpack-related-posts":[],"jetpack_sharing_enabled":true,"_links":{"self":[{"href":"https:\/\/www.jornalja.com.br\/geral\/wp-json\/wp\/v2\/pages\/81934","targetHints":{"allow":["GET"]}}],"collection":[{"href":"https:\/\/www.jornalja.com.br\/geral\/wp-json\/wp\/v2\/pages"}],"about":[{"href":"https:\/\/www.jornalja.com.br\/geral\/wp-json\/wp\/v2\/types\/page"}],"author":[{"embeddable":true,"href":"https:\/\/www.jornalja.com.br\/geral\/wp-json\/wp\/v2\/users\/1"}],"replies":[{"embeddable":true,"href":"https:\/\/www.jornalja.com.br\/geral\/wp-json\/wp\/v2\/comments?post=81934"}],"version-history":[{"count":8,"href":"https:\/\/www.jornalja.com.br\/geral\/wp-json\/wp\/v2\/pages\/81934\/revisions"}],"predecessor-version":[{"id":100820,"href":"https:\/\/www.jornalja.com.br\/geral\/wp-json\/wp\/v2\/pages\/81934\/revisions\/100820"}],"wp:attachment":[{"href":"https:\/\/www.jornalja.com.br\/geral\/wp-json\/wp\/v2\/media?parent=81934"}],"curies":[{"name":"wp","href":"https:\/\/api.w.org\/{rel}","templated":true}]}}