{"id":22,"date":"2020-08-03T20:10:53","date_gmt":"2020-08-03T23:10:53","guid":{"rendered":"https:\/\/www.jornalja.com.br\/publireportagem\/?page_id=22"},"modified":"2023-10-06T13:29:24","modified_gmt":"2023-10-06T16:29:24","slug":"anuncie","status":"publish","type":"page","link":"https:\/\/www.jornalja.com.br\/site\/anuncie\/","title":{"rendered":"Conte\u00fado premiado"},"content":{"rendered":"<p><img decoding=\"async\" class=\"alignright\" src=\"https:\/\/www.jornalja.com.br\/wp-content\/uploads\/2020\/08\/premiacaoja.png\" alt=\"Pr\u00eamios do J\u00c1\" width=\"200\" height=\"517\" \/><\/p>\n<p>O jornal J\u00c1 passa por uma transi\u00e7\u00e3o al\u00e9m da tecnologia.<\/p>\n<p>De um jornal cultural de intelectuais inquietos na d\u00e9cada de 1980, depois um noticioso com enfoque local, o site que ampliou sua \u00e1rea de influ\u00eancia, hoje o J\u00c1 \u00e9 lido sobretudo por jornalistas e outros formadores de opini\u00e3o, lideran\u00e7as pol\u00edticas e comunit\u00e1rias, que encontram na abordagem do jornal a contextualiza\u00e7\u00e3o da informa\u00e7\u00e3o, a perspectiva hist\u00f3rica para chegar ao presente.<\/p>\n<p>Enquanto a maioria busca \u2018cliques\u2019, o J\u00c1 almeja esclarecimento e \u00e9 reconhecido pelo servi\u00e7o que presta, como atestam as duas dezenas de pr\u00eamios conquistados.<\/p>\n<p>Foi assim que entrou no s\u00e9culo 21 tamb\u00e9m como editora de livros, com jornalismo hist\u00f3rico e livros-reportagem.<\/p>\n<p>Para anunciar no site, est\u00e3o dispon\u00edveis os formatos abaixo.<\/p>\n<p>Consulta sobre valores pelo e-mail <a href=\"mailto:jornaljavendas@gmail.com\">jornaljavendas@gmail.com<\/a>.<\/p>\n<p>Os livros est\u00e3o \u00e0 venda em <a href=\"https:\/\/loja.jornalja.com.br\">loja.jornalja.com.br<\/a> e na Amazon.<\/p>\n<p>&nbsp;<\/p>\n<div>\n<h4 style=\"text-align: left;\">tabela de Publicidade<\/h4>\n<p style=\"text-align: left;\"><em>Formatos sugeridos &#8211; proje\u00e7\u00e3o de 10.000 visualiza\u00e7\u00f5es semanais<\/em><\/p>\n<\/div>\n<div style=\"display: inline; width: 100%;\">\n<div style=\"float: right; width: 33%; margin-left: 2%; text-align: center; padding-top: 1.5em;\">\n<p style=\"text-align: center; margin-bottom: 6px;\"><strong>VERS\u00c3O MOBILE<\/strong><\/p>\n<p><a href=\"https:\/\/www.jornalja.com.br\/publireportagem\/wp-content\/uploads\/sites\/15\/2020\/08\/screenshot-mobile-scaled.jpg\"><img decoding=\"async\" data-attachment-id=\"53\" data-permalink=\"https:\/\/www.jornalja.com.br\/site\/anuncie\/screenshot-mobile\/\" data-orig-file=\"https:\/\/www.jornalja.com.br\/site\/wp-content\/uploads\/sites\/15\/2020\/08\/screenshot-mobile-scaled.jpg\" data-orig-size=\"182,1024\" data-comments-opened=\"1\" data-image-meta=\"{&quot;aperture&quot;:&quot;0&quot;,&quot;credit&quot;:&quot;&quot;,&quot;camera&quot;:&quot;&quot;,&quot;caption&quot;:&quot;&quot;,&quot;created_timestamp&quot;:&quot;0&quot;,&quot;copyright&quot;:&quot;&quot;,&quot;focal_length&quot;:&quot;0&quot;,&quot;iso&quot;:&quot;0&quot;,&quot;shutter_speed&quot;:&quot;0&quot;,&quot;title&quot;:&quot;&quot;,&quot;orientation&quot;:&quot;1&quot;}\" data-image-title=\"SCREENSHOT-mobile\" data-image-description=\"\" data-image-caption=\"\" data-large-file=\"https:\/\/www.jornalja.com.br\/site\/wp-content\/uploads\/sites\/15\/2020\/08\/screenshot-mobile-182x1024.jpg\" class=\"size-large wp-image-53 aligncenter\" src=\"https:\/\/www.jornalja.com.br\/publireportagem\/wp-content\/uploads\/sites\/15\/2020\/08\/screenshot-mobile-182x1024.jpg\" alt=\"\" width=\"182\" height=\"1024\" srcset=\"https:\/\/www.jornalja.com.br\/site\/wp-content\/uploads\/sites\/15\/2020\/08\/screenshot-mobile-scaled.jpg 182w, https:\/\/www.jornalja.com.br\/site\/wp-content\/uploads\/sites\/15\/2020\/08\/screenshot-mobile-273x1536.jpg 273w, https:\/\/www.jornalja.com.br\/site\/wp-content\/uploads\/sites\/15\/2020\/08\/screenshot-mobile-364x2048.jpg 364w\" sizes=\"(max-width: 182px) 100vw, 182px\" \/><\/a><\/p>\n<\/div>\n<div style=\"float: left; width: 60%; padding-top: 1.5em;\">\n<p style=\"text-align: center; margin-bottom: 6px;\"><strong>VERS\u00c3O DESKTOP<\/strong><\/p>\n<p><a href=\"https:\/\/www.jornalja.com.br\/publireportagem\/wp-content\/uploads\/sites\/15\/2020\/08\/screenshot-desktop-scaled.jpg\"><img decoding=\"async\" data-attachment-id=\"49\" data-permalink=\"https:\/\/www.jornalja.com.br\/site\/anuncie\/screenshot-desktop\/\" data-orig-file=\"https:\/\/www.jornalja.com.br\/site\/wp-content\/uploads\/sites\/15\/2020\/08\/screenshot-desktop-scaled.jpg\" data-orig-size=\"634,1024\" data-comments-opened=\"1\" data-image-meta=\"{&quot;aperture&quot;:&quot;0&quot;,&quot;credit&quot;:&quot;&quot;,&quot;camera&quot;:&quot;&quot;,&quot;caption&quot;:&quot;&quot;,&quot;created_timestamp&quot;:&quot;0&quot;,&quot;copyright&quot;:&quot;&quot;,&quot;focal_length&quot;:&quot;0&quot;,&quot;iso&quot;:&quot;0&quot;,&quot;shutter_speed&quot;:&quot;0&quot;,&quot;title&quot;:&quot;&quot;,&quot;orientation&quot;:&quot;1&quot;}\" data-image-title=\"SCREENSHOT-desktop\" data-image-description=\"\" data-image-caption=\"\" data-large-file=\"https:\/\/www.jornalja.com.br\/site\/wp-content\/uploads\/sites\/15\/2020\/08\/screenshot-desktop-634x1024.jpg\" class=\"size-large wp-image-49 aligncenter\" style=\"border: 1px solid #fad37f;\" src=\"https:\/\/www.jornalja.com.br\/publireportagem\/wp-content\/uploads\/sites\/15\/2020\/08\/screenshot-desktop-634x1024.jpg\" alt=\"\" width=\"100%\" height=\"100%\" srcset=\"https:\/\/www.jornalja.com.br\/site\/wp-content\/uploads\/sites\/15\/2020\/08\/screenshot-desktop-scaled.jpg 634w, https:\/\/www.jornalja.com.br\/site\/wp-content\/uploads\/sites\/15\/2020\/08\/screenshot-desktop-186x300.jpg 186w, https:\/\/www.jornalja.com.br\/site\/wp-content\/uploads\/sites\/15\/2020\/08\/screenshot-desktop-768x1240.jpg 768w, https:\/\/www.jornalja.com.br\/site\/wp-content\/uploads\/sites\/15\/2020\/08\/screenshot-desktop-951x1536.jpg 951w, https:\/\/www.jornalja.com.br\/site\/wp-content\/uploads\/sites\/15\/2020\/08\/screenshot-desktop-1269x2048.jpg 1269w, https:\/\/www.jornalja.com.br\/site\/wp-content\/uploads\/sites\/15\/2020\/08\/screenshot-desktop-1200x1937.jpg 1200w\" sizes=\"(max-width: 634px) 100vw, 634px\" \/><\/a><\/p>\n<\/div>\n<\/div>\n","protected":false},"excerpt":{"rendered":"<p>O jornal J\u00c1 passa por uma transi\u00e7\u00e3o al\u00e9m da tecnologia. De um jornal cultural de intelectuais inquietos na d\u00e9cada de 1980, depois um noticioso com enfoque local, o site que ampliou sua \u00e1rea de influ\u00eancia, hoje o J\u00c1 \u00e9 lido sobretudo por jornalistas e outros formadores de opini\u00e3o, lideran\u00e7as pol\u00edticas e comunit\u00e1rias, que encontram na [&hellip;]<\/p>\n","protected":false},"author":14,"featured_media":0,"parent":0,"menu_order":0,"comment_status":"closed","ping_status":"closed","template":"","meta":{"jetpack_post_was_ever_published":false,"footnotes":""},"class_list":["post-22","page","type-page","status-publish","hentry"],"aioseo_notices":[],"jetpack_sharing_enabled":true,"_links":{"self":[{"href":"https:\/\/www.jornalja.com.br\/site\/wp-json\/wp\/v2\/pages\/22","targetHints":{"allow":["GET"]}}],"collection":[{"href":"https:\/\/www.jornalja.com.br\/site\/wp-json\/wp\/v2\/pages"}],"about":[{"href":"https:\/\/www.jornalja.com.br\/site\/wp-json\/wp\/v2\/types\/page"}],"author":[{"embeddable":true,"href":"https:\/\/www.jornalja.com.br\/site\/wp-json\/wp\/v2\/users\/14"}],"replies":[{"embeddable":true,"href":"https:\/\/www.jornalja.com.br\/site\/wp-json\/wp\/v2\/comments?post=22"}],"version-history":[{"count":5,"href":"https:\/\/www.jornalja.com.br\/site\/wp-json\/wp\/v2\/pages\/22\/revisions"}],"predecessor-version":[{"id":2436,"href":"https:\/\/www.jornalja.com.br\/site\/wp-json\/wp\/v2\/pages\/22\/revisions\/2436"}],"wp:attachment":[{"href":"https:\/\/www.jornalja.com.br\/site\/wp-json\/wp\/v2\/media?parent=22"}],"curies":[{"name":"wp","href":"https:\/\/api.w.org\/{rel}","templated":true}]}}

Conteúdo premiado

<p><img decoding="async" class="alignright" src="https://www.jornalja.com.br/wp-content/uploads/2020/08/premiacaoja.png" alt="Prêmios do JÁ" width="200" height="517" /></p>
<p>O jornal JÁ passa por uma transição além da tecnologia.</p>
<p>De um jornal cultural de intelectuais inquietos na década de 1980, depois um noticioso com enfoque local, o site que ampliou sua área de influência, hoje o JÁ é lido sobretudo por jornalistas e outros formadores de opinião, lideranças políticas e comunitárias, que encontram na abordagem do jornal a contextualização da informação, a perspectiva histórica para chegar ao presente.</p>
<p>Enquanto a maioria busca ‘cliques’, o JÁ almeja esclarecimento e é reconhecido pelo serviço que presta, como atestam as duas dezenas de prêmios conquistados.</p>
<p>Foi assim que entrou no século 21 também como editora de livros, com jornalismo histórico e livros-reportagem.</p>
<p>Para anunciar no site, estão disponíveis os formatos abaixo.</p>
<p>Consulta sobre valores pelo e-mail <a href="mailto:jornaljavendas@gmail.com">jornaljavendas@gmail.com</a>.</p>
<p>Os livros estão à venda em <a href="https://loja.jornalja.com.br">loja.jornalja.com.br</a> e na Amazon.</p>
<p>&nbsp;</p>
<div>
<h4 style="text-align: left;">tabela de Publicidade</h4>
<p style="text-align: left;"><em>Formatos sugeridos &#8211; projeção de 10.000 visualizações semanais</em></p>
</div>
<div style="display: inline; width: 100%;">
<div style="float: right; width: 33%; margin-left: 2%; text-align: center; padding-top: 1.5em;">
<p style="text-align: center; margin-bottom: 6px;"><strong>VERSÃO MOBILE</strong></p>
<p><a href="https://www.jornalja.com.br/publireportagem/wp-content/uploads/sites/15/2020/08/screenshot-mobile-scaled.jpg"><img decoding="async" data-attachment-id="53" data-permalink="https://www.jornalja.com.br/site/anuncie/screenshot-mobile/" data-orig-file="https://www.jornalja.com.br/site/wp-content/uploads/sites/15/2020/08/screenshot-mobile-scaled.jpg" data-orig-size="182,1024" data-comments-opened="1" data-image-meta="{&quot;aperture&quot;:&quot;0&quot;,&quot;credit&quot;:&quot;&quot;,&quot;camera&quot;:&quot;&quot;,&quot;caption&quot;:&quot;&quot;,&quot;created_timestamp&quot;:&quot;0&quot;,&quot;copyright&quot;:&quot;&quot;,&quot;focal_length&quot;:&quot;0&quot;,&quot;iso&quot;:&quot;0&quot;,&quot;shutter_speed&quot;:&quot;0&quot;,&quot;title&quot;:&quot;&quot;,&quot;orientation&quot;:&quot;1&quot;}" data-image-title="SCREENSHOT-mobile" data-image-description="" data-image-caption="" data-large-file="https://www.jornalja.com.br/site/wp-content/uploads/sites/15/2020/08/screenshot-mobile-182x1024.jpg" class="size-large wp-image-53 aligncenter" src="https://www.jornalja.com.br/publireportagem/wp-content/uploads/sites/15/2020/08/screenshot-mobile-182x1024.jpg" alt="" width="182" height="1024" srcset="https://www.jornalja.com.br/site/wp-content/uploads/sites/15/2020/08/screenshot-mobile-scaled.jpg 182w, https://www.jornalja.com.br/site/wp-content/uploads/sites/15/2020/08/screenshot-mobile-273x1536.jpg 273w, https://www.jornalja.com.br/site/wp-content/uploads/sites/15/2020/08/screenshot-mobile-364x2048.jpg 364w" sizes="(max-width: 182px) 100vw, 182px" /></a></p>
</div>
<div style="float: left; width: 60%; padding-top: 1.5em;">
<p style="text-align: center; margin-bottom: 6px;"><strong>VERSÃO DESKTOP</strong></p>
<p><a href="https://www.jornalja.com.br/publireportagem/wp-content/uploads/sites/15/2020/08/screenshot-desktop-scaled.jpg"><img decoding="async" data-attachment-id="49" data-permalink="https://www.jornalja.com.br/site/anuncie/screenshot-desktop/" data-orig-file="https://www.jornalja.com.br/site/wp-content/uploads/sites/15/2020/08/screenshot-desktop-scaled.jpg" data-orig-size="634,1024" data-comments-opened="1" data-image-meta="{&quot;aperture&quot;:&quot;0&quot;,&quot;credit&quot;:&quot;&quot;,&quot;camera&quot;:&quot;&quot;,&quot;caption&quot;:&quot;&quot;,&quot;created_timestamp&quot;:&quot;0&quot;,&quot;copyright&quot;:&quot;&quot;,&quot;focal_length&quot;:&quot;0&quot;,&quot;iso&quot;:&quot;0&quot;,&quot;shutter_speed&quot;:&quot;0&quot;,&quot;title&quot;:&quot;&quot;,&quot;orientation&quot;:&quot;1&quot;}" data-image-title="SCREENSHOT-desktop" data-image-description="" data-image-caption="" data-large-file="https://www.jornalja.com.br/site/wp-content/uploads/sites/15/2020/08/screenshot-desktop-634x1024.jpg" class="size-large wp-image-49 aligncenter" style="border: 1px solid #fad37f;" src="https://www.jornalja.com.br/publireportagem/wp-content/uploads/sites/15/2020/08/screenshot-desktop-634x1024.jpg" alt="" width="100%" height="100%" srcset="https://www.jornalja.com.br/site/wp-content/uploads/sites/15/2020/08/screenshot-desktop-scaled.jpg 634w, https://www.jornalja.com.br/site/wp-content/uploads/sites/15/2020/08/screenshot-desktop-186x300.jpg 186w, https://www.jornalja.com.br/site/wp-content/uploads/sites/15/2020/08/screenshot-desktop-768x1240.jpg 768w, https://www.jornalja.com.br/site/wp-content/uploads/sites/15/2020/08/screenshot-desktop-951x1536.jpg 951w, https://www.jornalja.com.br/site/wp-content/uploads/sites/15/2020/08/screenshot-desktop-1269x2048.jpg 1269w, https://www.jornalja.com.br/site/wp-content/uploads/sites/15/2020/08/screenshot-desktop-1200x1937.jpg 1200w" sizes="(max-width: 634px) 100vw, 634px" /></a></p>
</div>
</div>

<p>O jornal JÁ passa por uma transição além da tecnologia. De um jornal cultural de intelectuais inquietos na década de 1980, depois um noticioso com enfoque local, o site que ampliou sua área de influência, hoje o JÁ é lido sobretudo por jornalistas e outros formadores de opinião, lideranças políticas e comunitárias, que encontram na [&hellip;]</p>
